194.38.20.161 - - [10/Dec/2022:16:19:56 -0800] "GET /elfinder/src/connectors/php/connector.php HTTP/1.1" 404 73 "-" "ALittle Client" "skylinecomponents.com"
207.46.13.139 - - [10/Dec/2022:16:32:18 -0800] "GET /al2o3.html HTTP/1.1" 404 88 "-" "Mozilla/5.0 (compatible; bingbot/2.0; +http://www.bing.com/bingbot.htm)" "skylinecomponents.com"
157.55.39.207 - - [10/Dec/2022:16:36:11 -0800] "GET / HTTP/1.1" 200 5671 "-" "Mozilla/5.0 AppleWebKit/537.36 (KHTML, like Gecko; compatible; bingbot/2.0; +http://www.bing.com/bingbot.htm) Chrome/103.0.5060.134 Safari/537.36" "skylinecomponents.com"
64.124.8.34 - - [10/Dec/2022:16:42:17 -0800] "GET /robots.txt HTTP/1.1" 200 62 "-" "Mozilla/5.0 (X11; Linux x86_64) AppleWebKit/537.36 (KHTML, like Gecko) Chrome/61.0.3163.79 Safari/537.36" "skylinecomponents.com"
64.124.8.34 - - [10/Dec/2022:16:42:17 -0800] "GET /CeramicFiberStrip.html HTTP/1.1" 304 - "-" "Mozilla/5.0 (X11; Linux x86_64) AppleWebKit/537.36 (KHTML, like Gecko) Chrome/61.0.3163.79 Safari/537.36" "skylinecomponents.com"
66.249.66.132 - - [10/Dec/2022:16:52:35 -0800] "GET /sitebuilder/images/Ceramic_Fiber_Rigidizer-139x129.jpg HTTP/1.1" 200 3192 "-" "Googlebot-Image/1.0" "skylinecomponents.com"
157.55.39.207 - - [10/Dec/2022:16:54:44 -0800] "GET /sitebuilder/images/MC-02-153x94.jpg HTTP/1.1" 200 4189 "-" "Mozilla/5.0 (compatible; bingbot/2.0; +http://www.bing.com/bingbot.htm)" "www.skylinecomponents.com"
35.231.151.87 - - [10/Dec/2022:16:57:53 -0800] "GET /robots.txt HTTP/1.1" 200 62 "-" "ZoominfoBot (zoominfobot at zoominfo dot com)" "skylinecomponents.com"
35.231.151.87 - - [10/Dec/2022:16:57:53 -0800] "GET / HTTP/1.1" 200 5671 "-" "ZoominfoBot (zoominfobot at zoominfo dot com)" "skylinecomponents.com"
95.163.255.200 - - [10/Dec/2022:17:09:22 -0800] "GET /robots.txt HTTP/1.1" 200 48 "-" "Mozilla/5.0 (compatible; Linux x86_64; Mail.RU_Bot/2.0; +https://help.mail.ru/webmaster/indexing/robots)" "www.skylinecomponents.com"
95.163.255.228 - - [10/Dec/2022:17:09:23 -0800] "GET /CeramicFibercoating.html HTTP/1.1" 200 3869 "-" "Mozilla/5.0 (compatible; Linux x86_64; Mail.RU_Bot/2.0; +https://help.mail.ru/webmaster/indexing/robots)" "www.skylinecomponents.com"
136.243.220.209 - - [10/Dec/2022:17:10:25 -0800] "GET /robots.txt HTTP/1.1" 200 62 "-" "Mozilla/5.0 (compatible; DataForSeoBot/1.0; +https://dataforseo.com/dataforseo-bot)" "skylinecomponents.com"
136.243.220.209 - - [10/Dec/2022:17:10:25 -0800] "GET /sitemap.xml HTTP/1.1" 200 355 "-" "Mozilla/5.0 (compatible; DataForSeoBot/1.0; +https://dataforseo.com/dataforseo-bot)" "skylinecomponents.com"
136.243.220.209 - - [10/Dec/2022:17:10:25 -0800] "GET / HTTP/1.1" 200 5671 "-" "Mozilla/5.0 (compatible; DataForSeoBot/1.0; +https://dataforseo.com/dataforseo-bot)" "skylinecomponents.com"
157.55.39.73 - - [10/Dec/2022:17:23:32 -0800] "GET /b4c.html HTTP/1.1" 404 88 "-" "Mozilla/5.0 (compatible; bingbot/2.0; +http://www.bing.com/bingbot.htm)" "skylinecomponents.com"
95.163.255.218 - - [10/Dec/2022:17:54:00 -0800] "GET /robots.txt HTTP/1.1" 200 48 "-" "Mozilla/5.0 (compatible; Linux x86_64; Mail.RU_Bot/2.0; +https://help.mail.ru/webmaster/indexing/robots)" "www.skylinecomponents.com"
95.163.255.234 - - [10/Dec/2022:17:54:02 -0800] "GET /FusedQuartz.html HTTP/1.1" 200 4135 "-" "Mozilla/5.0 (compatible; Linux x86_64; Mail.RU_Bot/2.0; +https://help.mail.ru/webmaster/indexing/robots)" "www.skylinecomponents.com"
54.36.148.112 - - [10/Dec/2022:18:03:17 -0800] "GET /robots.txt HTTP/1.1" 200 62 "-" "Mozilla/5.0 (compatible; AhrefsBot/7.0; +http://ahrefs.com/robot/)" "www.skylinecomponents.com"
51.222.253.18 - - [10/Dec/2022:18:03:17 -0800] "GET /CeramicFibercoating.html HTTP/1.1" 200 3869 "-" "Mozilla/5.0 (compatible; AhrefsBot/7.0; +http://ahrefs.com/robot/)" "www.skylinecomponents.com"
51.222.253.1 - - [10/Dec/2022:18:03:29 -0800] "GET /sitebuilder/images/navbar-2-inactive-56590.png HTTP/1.1" 200 3533 "-" "Mozilla/5.0 (compatible; AhrefsBot/7.0; +http://ahrefs.com/robot/)" "www.skylinecomponents.com"
51.222.253.10 - - [10/Dec/2022:18:03:34 -0800] "GET /sitebuilder/images/navbar-3-inactive-14022.png HTTP/1.1" 200 2831 "-" "Mozilla/5.0 (compatible; AhrefsBot/7.0; +http://ahrefs.com/robot/)" "www.skylinecomponents.com"
51.222.253.6 - - [10/Dec/2022:18:03:40 -0800] "GET /sitebuilder/images/High-Temperature-Coating-121x157.jpg HTTP/1.1" 200 4281 "-" "Mozilla/5.0 (compatible; AhrefsBot/7.0; +http://ahrefs.com/robot/)" "www.skylinecomponents.com"
51.222.253.16 - - [10/Dec/2022:18:03:45 -0800] "GET /CeramicFibercoating.html HTTP/1.1" 200 3869 "-" "Mozilla/5.0 (compatible; AhrefsBot/7.0; +http://ahrefs.com/robot/)" "www.skylinecomponents.com"
51.222.253.19 - - [10/Dec/2022:18:03:50 -0800] "GET /sitebuilder/images/Tucson1-758x160.jpg HTTP/1.1" 200 28872 "-" "Mozilla/5.0 (compatible; AhrefsBot/7.0; +http://ahrefs.com/robot/)" "www.skylinecomponents.com"
51.222.253.7 - - [10/Dec/2022:18:03:56 -0800] "GET /sitebuilder/images/navbar-3-inactive-48803.png HTTP/1.1" 200 2587 "-" "Mozilla/5.0 (compatible; AhrefsBot/7.0; +http://ahrefs.com/robot/)" "www.skylinecomponents.com"
40.77.167.106 - - [10/Dec/2022:18:17:33 -0800] "GET /robots.txt HTTP/1.1" 200 62 "-" "Mozilla/5.0 AppleWebKit/537.36 (KHTML, like Gecko; compatible; bingbot/2.0; +http://www.bing.com/bingbot.htm) Chrome/103.0.5060.134 Safari/537.36" "www.skylinecomponents.com"
40.77.167.106 - - [10/Dec/2022:18:17:33 -0800] "GET /robots.txt HTTP/1.1" 200 62 "-" "Mozilla/5.0 AppleWebKit/537.36 (KHTML, like Gecko; compatible; bingbot/2.0; +http://www.bing.com/bingbot.htm) Chrome/103.0.5060.134 Safari/537.36" "www.skylinecomponents.com"
40.77.167.52 - - [10/Dec/2022:18:17:40 -0800] "GET /sitebuilder/images/ProductService-2-inactive-65436.png HTTP/1.1" 200 2844 "-" "Mozilla/5.0 (compatible; bingbot/2.0; +http://www.bing.com/bingbot.htm)" "www.skylinecomponents.com"
77.88.5.48 - - [10/Dec/2022:18:18:37 -0800] "GET /robots.txt HTTP/1.1" 200 48 "-" "Mozilla/5.0 (compatible; YandexBot/3.0; +http://yandex.com/bots)" "skylinecomponents.com"
77.88.5.162 - - [10/Dec/2022:18:18:41 -0800] "GET /Heating_MoSi2.html HTTP/1.1" 200 2668 "-" "Mozilla/5.0 (compatible; YandexBot/3.0; +http://yandex.com/bots)" "skylinecomponents.com"
157.55.39.73 - - [10/Dec/2022:18:25:26 -0800] "GET /In-Stock_CeramicFiberStrip.html HTTP/1.1" 200 4332 "-" "Mozilla/5.0 (compatible; bingbot/2.0; +http://www.bing.com/bingbot.htm)" "www.skylinecomponents.com"
40.77.167.52 - - [10/Dec/2022:18:34:30 -0800] "GET /In-Stock_FiberglassStrip.html HTTP/1.1" 200 4972 "-" "Mozilla/5.0 (compatible; bingbot/2.0; +http://www.bing.com/bingbot.htm)" "skylinecomponents.com"
49.7.21.90 - - [10/Dec/2022:18:45:59 -0800] "GET / HTTP/1.1" 200 5671 "-" "Sogou web spider/4.0(+http://www.sogou.com/docs/help/webmasters.htm#07)" "www.skylinecomponents.com"
157.55.39.143 - - [10/Dec/2022:18:46:34 -0800] "GET /in-stock_alumina.html HTTP/1.1" 404 88 "-" "Mozilla/5.0 AppleWebKit/537.36 (KHTML, like Gecko; compatible; bingbot/2.0; +http://www.bing.com/bingbot.htm) Chrome/103.0.5060.134 Safari/537.36" "skylinecomponents.com"
216.244.66.199 - - [10/Dec/2022:18:51:01 -0800] "GET /robots.txt HTTP/1.1" 200 48 "-" "Mozilla/5.0 (compatible; DotBot/1.2; +https://opensiteexplorer.org/dotbot; help@moz.com)" "skylinecomponents.com"
157.55.39.143 - - [10/Dec/2022:18:52:54 -0800] "GET /sitemap.xml HTTP/1.1" 200 355 "-" "Mozilla/5.0 AppleWebKit/537.36 (KHTML, like Gecko; compatible; bingbot/2.0; +http://www.bing.com/bingbot.htm) Chrome/103.0.5060.134 Safari/537.36" "skylinecomponents.com"
64.124.8.34 - - [10/Dec/2022:19:00:13 -0800] "GET /robots.txt HTTP/1.1" 200 62 "-" "Mozilla/5.0 (X11; Linux x86_64) AppleWebKit/537.36 (KHTML, like Gecko) Chrome/61.0.3163.79 Safari/537.36" "www.skylinecomponents.com"
64.124.8.34 - - [10/Dec/2022:19:00:13 -0800] "GET /In-Stock_CeramicFiber HTTP/1.1" 200 6980 "-" "Mozilla/5.0 (X11; Linux x86_64) AppleWebKit/537.36 (KHTML, like Gecko) Chrome/61.0.3163.79 Safari/537.36" "www.skylinecomponents.com"
51.159.36.102 - - [10/Dec/2022:19:03:44 -0800] "GET /wp-content/languages/ HTTP/1.1" 404 73 "-" "Mozilla/5.0 (Windows NT 10.0; Win64; x64) AppleWebKit/537.36 (KHTML, like Gecko) Chrome/108.0.0.0 Safari/537.36" "skylinecomponents.com"
118.184.177.27 - - [10/Dec/2022:19:08:12 -0800] "GET / HTTP/1.1" 200 5671 "-" "Sogou web spider/4.0(+http://www.sogou.com/docs/help/webmasters.htm#07)" "skylinecomponents.com"
51.222.253.14 - - [10/Dec/2022:19:22:45 -0800] "GET / HTTP/1.1" 200 5671 "-" "Mozilla/5.0 (compatible; AhrefsBot/7.0; +http://ahrefs.com/robot/)" "skylinecomponents.com"
51.222.253.5 - - [10/Dec/2022:19:22:54 -0800] "GET /sitebuilder/images/Ceramic-Fiber-Tape-02-130x103.jpg HTTP/1.1" 200 3603 "-" "Mozilla/5.0 (compatible; AhrefsBot/7.0; +http://ahrefs.com/robot/)" "skylinecomponents.com"
51.222.253.10 - - [10/Dec/2022:19:22:59 -0800] "GET /sitebuilder/images/Ceramic-Fiber-Board-131x108.jpg HTTP/1.1" 200 1867 "-" "Mozilla/5.0 (compatible; AhrefsBot/7.0; +http://ahrefs.com/robot/)" "skylinecomponents.com"
51.222.253.13 - - [10/Dec/2022:19:23:05 -0800] "GET /sitebuilder/images/Column-Pinnacle-Rocks-479x332.jpg HTTP/1.1" 200 32922 "-" "Mozilla/5.0 (compatible; AhrefsBot/7.0; +http://ahrefs.com/robot/)" "skylinecomponents.com"
51.222.253.7 - - [10/Dec/2022:19:23:10 -0800] "GET /sitebuilder/images/Fused-Quartz-Glass-Rod-129x102.jpg HTTP/1.1" 200 3956 "-" "Mozilla/5.0 (compatible; AhrefsBot/7.0; +http://ahrefs.com/robot/)" "skylinecomponents.com"
51.222.253.8 - - [10/Dec/2022:19:23:15 -0800] "GET /sitebuilder/images/Big-Balanced-Rock-508x334.jpg HTTP/1.1" 200 41605 "-" "Mozilla/5.0 (compatible; AhrefsBot/7.0; +http://ahrefs.com/robot/)" "skylinecomponents.com"
51.222.253.15 - - [10/Dec/2022:19:23:21 -0800] "GET /sitebuilder/images/Thermocouple-Protective-Tube2-135x101.jpg HTTP/1.1" 200 2625 "-" "Mozilla/5.0 (compatible; AhrefsBot/7.0; +http://ahrefs.com/robot/)" "skylinecomponents.com"
51.222.253.1 - - [10/Dec/2022:19:23:26 -0800] "GET /sitebuilder/images/Alumina_Tube_2-153x116.jpg HTTP/1.1" 200 3448 "-" "Mozilla/5.0 (compatible; AhrefsBot/7.0; +http://ahrefs.com/robot/)" "skylinecomponents.com"
51.222.253.16 - - [10/Dec/2022:19:23:31 -0800] "GET /sitebuilder/images/Fused-Quartz-Plates-146x94.jpg HTTP/1.1" 200 4058 "-" "Mozilla/5.0 (compatible; AhrefsBot/7.0; +http://ahrefs.com/robot/)" "skylinecomponents.com"
51.222.253.3 - - [10/Dec/2022:19:23:36 -0800] "GET /sitebuilder/images/Fused-Quartz-Glass-Discs-133x95.jpg HTTP/1.1" 200 3334 "-" "Mozilla/5.0 (compatible; AhrefsBot/7.0; +http://ahrefs.com/robot/)" "skylinecomponents.com"
51.222.253.16 - - [10/Dec/2022:19:23:42 -0800] "GET /sitebuilder/images/ReSiC-Crucible-73x103.jpg HTTP/1.1" 200 2141 "-" "Mozilla/5.0 (compatible; AhrefsBot/7.0; +http://ahrefs.com/robot/)" "skylinecomponents.com"
51.222.253.13 - - [10/Dec/2022:19:23:48 -0800] "GET /clipart/buttons/store/cart.gif HTTP/1.1" 200 305 "-" "Mozilla/5.0 (compatible; AhrefsBot/7.0; +http://ahrefs.com/robot/)" "skylinecomponents.com"
51.222.253.2 - - [10/Dec/2022:19:23:48 -0800] "GET / HTTP/1.1" 200 5671 "-" "Mozilla/5.0 (compatible; AhrefsBot/7.0; +http://ahrefs.com/robot/)" "skylinecomponents.com"
51.222.253.20 - - [10/Dec/2022:19:23:53 -0800] "GET /sitebuilder/images/Thermocouple_Tube2-111x111.jpg HTTP/1.1" 200 2844 "-" "Mozilla/5.0 (compatible; AhrefsBot/7.0; +http://ahrefs.com/robot/)" "skylinecomponents.com"
51.222.253.10 - - [10/Dec/2022:19:23:58 -0800] "GET /sitebuilder/images/Alumina_Thermocouple_Protective_Tube-146x114.jpg HTTP/1.1" 200 3716 "-" "Mozilla/5.0 (compatible; AhrefsBot/7.0; +http://ahrefs.com/robot/)" "skylinecomponents.com"
51.222.253.4 - - [10/Dec/2022:19:24:03 -0800] "GET /sitebuilder/images/Fused-Quartz-Glass-Milky-tube-128x100.jpg HTTP/1.1" 200 3014 "-" "Mozilla/5.0 (compatible; AhrefsBot/7.0; +http://ahrefs.com/robot/)" "skylinecomponents.com"
51.222.253.14 - - [10/Dec/2022:19:24:08 -0800] "GET /sitebuilder/images/Ceramic-Fiber-Paper-123x107.jpg HTTP/1.1" 200 2925 "-" "Mozilla/5.0 (compatible; AhrefsBot/7.0; +http://ahrefs.com/robot/)" "skylinecomponents.com"
51.222.253.14 - - [10/Dec/2022:19:24:13 -0800] "GET /sitebuilder/images/Fused-Quartz-Glsss-Tubing-131x105.jpg HTTP/1.1" 200 3034 "-" "Mozilla/5.0 (compatible; AhrefsBot/7.0; +http://ahrefs.com/robot/)" "skylinecomponents.com"
51.222.253.13 - - [10/Dec/2022:19:24:19 -0800] "GET /sitebuilder/images/Glass-Rods-120x117.jpg HTTP/1.1" 200 3157 "-" "Mozilla/5.0 (compatible; AhrefsBot/7.0; +http://ahrefs.com/robot/)" "skylinecomponents.com"
51.222.253.14 - - [10/Dec/2022:19:24:24 -0800] "GET /sitebuilder/images/Insulating_Firebrick_IFB26-91x104.jpg HTTP/1.1" 200 2335 "-" "Mozilla/5.0 (compatible; AhrefsBot/7.0; +http://ahrefs.com/robot/)" "skylinecomponents.com"
35.231.151.87 - - [10/Dec/2022:19:24:25 -0800] "GET /robots.txt HTTP/1.1" 200 62 "-" "ZoominfoBot (zoominfobot at zoominfo dot com)" "www.skylinecomponents.com"
35.231.151.87 - - [10/Dec/2022:19:24:25 -0800] "GET / HTTP/1.1" 200 5671 "-" "ZoominfoBot (zoominfobot at zoominfo dot com)" "www.skylinecomponents.com"
51.222.253.2 - - [10/Dec/2022:19:24:29 -0800] "GET /sitebuilder/images/Ceramic-Fiber-Blanket-130x107.jpg HTTP/1.1" 200 3091 "-" "Mozilla/5.0 (compatible; AhrefsBot/7.0; +http://ahrefs.com/robot/)" "skylinecomponents.com"
51.222.253.19 - - [10/Dec/2022:19:24:34 -0800] "GET /sitebuilder/images/Silicon_Carbide-129x100.jpg HTTP/1.1" 200 2498 "-" "Mozilla/5.0 (compatible; AhrefsBot/7.0; +http://ahrefs.com/robot/)" "skylinecomponents.com"
51.222.253.1 - - [10/Dec/2022:19:24:34 -0800] "GET /sitebuilder/images/navbar-3-inactive-14022.png HTTP/1.1" 200 2831 "-" "Mozilla/5.0 (compatible; AhrefsBot/7.0; +http://ahrefs.com/robot/)" "skylinecomponents.com"
51.222.253.7 - - [10/Dec/2022:19:24:39 -0800] "GET /sitebuilder/images/Borosilicate-Glass-Disc-Plate-127x116.jpg HTTP/1.1" 200 3871 "-" "Mozilla/5.0 (compatible; AhrefsBot/7.0; +http://ahrefs.com/robot/)" "skylinecomponents.com"
51.222.253.19 - - [10/Dec/2022:19:24:44 -0800] "GET /sitebuilder/images/Borosilicate-Glass-Color-165x121.jpg HTTP/1.1" 200 4112 "-" "Mozilla/5.0 (compatible; AhrefsBot/7.0; +http://ahrefs.com/robot/)" "skylinecomponents.com"
51.222.253.19 - - [10/Dec/2022:19:24:51 -0800] "GET /sitebuilder/images/navbar-3-inactive-48803.png HTTP/1.1" 200 2587 "-" "Mozilla/5.0 (compatible; AhrefsBot/7.0; +http://ahrefs.com/robot/)" "skylinecomponents.com"
51.222.253.15 - - [10/Dec/2022:19:24:56 -0800] "GET /sitebuilder/images/Fiberglass_Tape-123x100.jpg HTTP/1.1" 200 2956 "-" "Mozilla/5.0 (compatible; AhrefsBot/7.0; +http://ahrefs.com/robot/)" "skylinecomponents.com"
51.222.253.14 - - [10/Dec/2022:19:25:02 -0800] "GET /sitebuilder/images/Fused-quartz-Ground-Joints-122x88.jpg HTTP/1.1" 200 3267 "-" "Mozilla/5.0 (compatible; AhrefsBot/7.0; +http://ahrefs.com/robot/)" "skylinecomponents.com"
51.222.253.16 - - [10/Dec/2022:19:25:07 -0800] "GET /sitebuilder/images/Alumina_Crucible-129x105.jpg HTTP/1.1" 200 2911 "-" "Mozilla/5.0 (compatible; AhrefsBot/7.0; +http://ahrefs.com/robot/)" "skylinecomponents.com"
51.222.253.20 - - [10/Dec/2022:19:25:12 -0800] "GET /sitebuilder/images/Ceramic-Adhesive-129x103.jpg HTTP/1.1" 200 3974 "-" "Mozilla/5.0 (compatible; AhrefsBot/7.0; +http://ahrefs.com/robot/)" "skylinecomponents.com"
51.222.253.8 - - [10/Dec/2022:19:25:17 -0800] "GET /sitebuilder/images/Lightweight-insulating-Castable-98x102.jpg HTTP/1.1" 200 3089 "-" "Mozilla/5.0 (compatible; AhrefsBot/7.0; +http://ahrefs.com/robot/)" "skylinecomponents.com"
51.222.253.9 - - [10/Dec/2022:19:25:22 -0800] "GET /sitebuilder/images/Fused-Quartz-Glass-Crucible-91x94.jpg HTTP/1.1" 200 2512 "-" "Mozilla/5.0 (compatible; AhrefsBot/7.0; +http://ahrefs.com/robot/)" "skylinecomponents.com"
51.222.253.15 - - [10/Dec/2022:19:25:27 -0800] "GET /sitebuilder/images/Blue-Female-Joint-135x117.jpg HTTP/1.1" 200 3021 "-" "Mozilla/5.0 (compatible; AhrefsBot/7.0; +http://ahrefs.com/robot/)" "skylinecomponents.com"
51.222.253.1 - - [10/Dec/2022:19:25:32 -0800] "GET /sitebuilder/images/Fused-Quartz-Glass-Red-tubing-119x101.jpg HTTP/1.1" 200 2567 "-" "Mozilla/5.0 (compatible; AhrefsBot/7.0; +http://ahrefs.com/robot/)" "skylinecomponents.com"
51.222.253.4 - - [10/Dec/2022:19:25:37 -0800] "GET /sitebuilder/images/Ceramic_Fiber_Rigidizer-102x102.jpg HTTP/1.1" 200 2345 "-" "Mozilla/5.0 (compatible; AhrefsBot/7.0; +http://ahrefs.com/robot/)" "skylinecomponents.com"
51.222.253.20 - - [10/Dec/2022:19:25:40 -0800] "GET /sitebuilder/images/navbar-0-active-48069.png HTTP/1.1" 200 2178 "-" "Mozilla/5.0 (compatible; AhrefsBot/7.0; +http://ahrefs.com/robot/)" "skylinecomponents.com"
51.222.253.10 - - [10/Dec/2022:19:25:45 -0800] "GET /sitebuilder/images/navbar-2-inactive-56590.png HTTP/1.1" 200 3533 "-" "Mozilla/5.0 (compatible; AhrefsBot/7.0; +http://ahrefs.com/robot/)" "skylinecomponents.com"
114.119.137.252 - - [10/Dec/2022:19:35:11 -0800] "GET /robots.txt HTTP/1.1" 200 62 "-" "Mozilla/5.0 (compatible;PetalBot;+https://webmaster.petalsearch.com/site/petalbot)" "www.skylinecomponents.com"
157.55.39.143 - - [10/Dec/2022:19:35:50 -0800] "GET /in-stock_clearfusedquartz.html HTTP/1.1" 404 88 "-" "Mozilla/5.0 (compatible; bingbot/2.0; +http://www.bing.com/bingbot.htm)" "skylinecomponents.com"
157.55.39.207 - - [10/Dec/2022:19:36:39 -0800] "GET /sitebuilder/images/Ceramic-Adhesive-40x93.jpg HTTP/1.1" 200 1834 "-" "Mozilla/5.0 AppleWebKit/537.36 (KHTML, like Gecko; compatible; bingbot/2.0; +http://www.bing.com/bingbot.htm) Chrome/103.0.5060.134 Safari/537.36" "www.skylinecomponents.com"
216.244.66.199 - - [10/Dec/2022:19:42:58 -0800] "GET /robots.txt HTTP/1.1" 200 48 "-" "Mozilla/5.0 (compatible; DotBot/1.2; +https://opensiteexplorer.org/dotbot; help@moz.com)" "www.skylinecomponents.com"
54.36.148.186 - - [10/Dec/2022:19:44:56 -0800] "GET /robots.txt HTTP/1.1" 200 62 "-" "Mozilla/5.0 (compatible; AhrefsBot/7.0; +http://ahrefs.com/robot/)" "skylinecomponents.com"
51.222.253.1 - - [10/Dec/2022:19:44:57 -0800] "GET / HTTP/1.1" 200 5671 "-" "Mozilla/5.0 (compatible; AhrefsBot/7.0; +http://ahrefs.com/robot/)" "skylinecomponents.com"
216.244.66.199 - - [10/Dec/2022:19:48:18 -0800] "GET /SiC.html HTTP/1.1" 200 65541 "-" "Mozilla/5.0 (compatible; DotBot/1.2; +https://opensiteexplorer.org/dotbot; help@moz.com)" "www.skylinecomponents.com"
17.121.112.241 - - [10/Dec/2022:19:50:42 -0800] "GET /B4C.html HTTP/1.1" 200 3693 "-" "Mozilla/5.0 (Macintosh; Intel Mac OS X 10_15_5) AppleWebKit/605.1.15 (KHTML, like Gecko) Version/13.1.1 Safari/605.1.15 (Applebot/0.1; +http://www.apple.com/go/applebot)" "skylinecomponents.com"
136.243.220.209 - - [10/Dec/2022:20:01:13 -0800] "GET / HTTP/1.1" 200 5671 "-" "Mozilla/5.0 (compatible; DataForSeoBot/1.0; +https://dataforseo.com/dataforseo-bot)" "skylinecomponents.com"
37.139.53.50 - - [10/Dec/2022:20:07:44 -0800] "GET /Zirconia.html HTTP/1.1" 200 53828 "http://www.skylinecomponents.com/Zirconia.html" "Mozilla/5.0 (Windows NT 10.0; WOW64) AppleWebKit/537.36 (KHTML, like Gecko) Chrome/90.0.4430.72 Safari/537.36" "www.skylinecomponents.com"
37.139.53.50 - - [10/Dec/2022:20:07:44 -0800] "GET /In-Stock_CeramicFiber.html HTTP/1.1" 200 122823 "http://www.skylinecomponents.com/In-Stock_CeramicFiber.html" "Mozilla/5.0 (Windows NT 10.0; WOW64) AppleWebKit/537.36 (KHTML, like Gecko) Chrome/90.0.4430.72 Safari/537.36" "www.skylinecomponents.com"
37.139.53.50 - - [10/Dec/2022:20:07:46 -0800] "GET /CeramicFiberBoard.html HTTP/1.1" 200 72477 "http://www.skylinecomponents.com/CeramicFiberBoard.html" "Mozilla/5.0 (Windows NT 10.0; WOW64) AppleWebKit/537.36 (KHTML, like Gecko) Chrome/90.0.4430.72 Safari/537.36" "www.skylinecomponents.com"
37.139.53.50 - - [10/Dec/2022:20:07:47 -0800] "GET /CalciumSilicateBoard.html HTTP/1.1" 200 62071 "http://www.skylinecomponents.com/CalciumSilicateBoard.html" "Mozilla/5.0 (Windows NT 10.0; WOW64) AppleWebKit/537.36 (KHTML, like Gecko) Chrome/90.0.4430.72 Safari/537.36" "www.skylinecomponents.com"
51.222.253.18 - - [10/Dec/2022:20:08:13 -0800] "GET /Si3N4.html HTTP/1.1" 200 4221 "-" "Mozilla/5.0 (compatible; AhrefsBot/7.0; +http://ahrefs.com/robot/)" "skylinecomponents.com"
51.222.253.15 - - [10/Dec/2022:20:08:26 -0800] "GET /Si3N4.html HTTP/1.1" 200 4221 "-" "Mozilla/5.0 (compatible; AhrefsBot/7.0; +http://ahrefs.com/robot/)" "skylinecomponents.com"
51.222.253.7 - - [10/Dec/2022:20:08:31 -0800] "GET /sitebuilder/images/Si3N4-Bearing-180x91.jpg HTTP/1.1" 200 4721 "-" "Mozilla/5.0 (compatible; AhrefsBot/7.0; +http://ahrefs.com/robot/)" "skylinecomponents.com"
34.138.228.176 - - [10/Dec/2022:20:12:20 -0800] "GET /robots.txt HTTP/1.1" 200 62 "-" "ZoominfoBot (zoominfobot at zoominfo dot com)" "www.skylinecomponents.com"
34.138.228.176 - - [10/Dec/2022:20:12:20 -0800] "GET /In-Stock_CeramicFiber.html HTTP/1.1" 200 6980 "-" "ZoominfoBot (zoominfobot at zoominfo dot com)" "www.skylinecomponents.com"
157.55.39.143 - - [10/Dec/2022:20:13:23 -0800] "GET /sitebuilder/images/Ceramic-Fiber-Blanket-SC-158x153.jpg HTTP/1.1" 200 4873 "-" "Mozilla/5.0 (compatible; bingbot/2.0; +http://www.bing.com/bingbot.htm)" "skylinecomponents.com"
40.77.167.52 - - [10/Dec/2022:20:19:12 -0800] "GET /in-stock_fiberglassstrip.html HTTP/1.1" 404 88 "-" "Mozilla/5.0 AppleWebKit/537.36 (KHTML, like Gecko; compatible; bingbot/2.0; +http://www.bing.com/bingbot.htm) Chrome/103.0.5060.134 Safari/537.36" "skylinecomponents.com"
157.55.39.207 - - [10/Dec/2022:20:20:42 -0800] "GET /In-Stock_CeramicFiberPaper.html HTTP/1.1" 200 5448 "-" "Mozilla/5.0 (compatible; bingbot/2.0; +http://www.bing.com/bingbot.htm)" "www.skylinecomponents.com"
51.222.253.17 - - [10/Dec/2022:20:31:07 -0800] "GET /CalciumSilicateBoard.html HTTP/1.1" 200 4110 "-" "Mozilla/5.0 (compatible; AhrefsBot/7.0; +http://ahrefs.com/robot/)" "skylinecomponents.com"
51.222.253.12 - - [10/Dec/2022:20:31:17 -0800] "GET /sitebuilder/images/Calcium-Silicate-02-115x164.jpg HTTP/1.1" 200 3504 "-" "Mozilla/5.0 (compatible; AhrefsBot/7.0; +http://ahrefs.com/robot/)" "skylinecomponents.com"
51.222.253.19 - - [10/Dec/2022:20:31:22 -0800] "GET /CalciumSilicateBoard.html HTTP/1.1" 200 4110 "-" "Mozilla/5.0 (compatible; AhrefsBot/7.0; +http://ahrefs.com/robot/)" "skylinecomponents.com"
51.222.253.18 - - [10/Dec/2022:20:31:27 -0800] "GET /sitebuilder/images/Calcium-silicate-01-150x167.jpg HTTP/1.1" 200 5171 "-" "Mozilla/5.0 (compatible; AhrefsBot/7.0; +http://ahrefs.com/robot/)" "skylinecomponents.com"
157.55.39.207 - - [10/Dec/2022:20:34:13 -0800] "GET /SiCFireBrick.html HTTP/1.1" 200 3538 "-" "Mozilla/5.0 (compatible; bingbot/2.0; +http://www.bing.com/bingbot.htm)" "www.skylinecomponents.com"
34.138.228.176 - - [10/Dec/2022:20:34:29 -0800] "GET /robots.txt HTTP/1.1" 200 62 "-" "ZoominfoBot (zoominfobot at zoominfo dot com)" "skylinecomponents.com"
34.138.228.176 - - [10/Dec/2022:20:34:29 -0800] "GET /In-Stock_Rigidizer.html HTTP/1.1" 200 5376 "-" "ZoominfoBot (zoominfobot at zoominfo dot com)" "skylinecomponents.com"
157.55.39.143 - - [10/Dec/2022:20:45:26 -0800] "GET /Fibers.html HTTP/1.1" 200 2554 "-" "Mozilla/5.0 AppleWebKit/537.36 (KHTML, like Gecko; compatible; bingbot/2.0; +http://www.bing.com/bingbot.htm) Chrome/103.0.5060.134 Safari/537.36" "www.skylinecomponents.com"
114.119.141.71 - - [10/Dec/2022:20:46:23 -0800] "GET /robots.txt HTTP/1.1" 200 62 "-" "Mozilla/5.0 (compatible;PetalBot;+https://webmaster.petalsearch.com/site/petalbot)" "www.skylinecomponents.com"
23.229.112.206 - - [10/Dec/2022:20:46:28 -0800] "GET / HTTP/1.1" 200 5671 "-" "Mozilla/5.0 (Macintosh; Intel Mac OS X 12.5; rv:102.0) Gecko/20100101 Firefox/102.0" "skylinecomponents.com"
23.229.112.206 - - [10/Dec/2022:20:46:30 -0800] "GET /contactus.html HTTP/1.1" 200 2666 "http://skylinecomponents.com" "Mozilla/5.0 (Macintosh; Intel Mac OS X 12.5; rv:102.0) Gecko/20100101 Firefox/102.0" "skylinecomponents.com"
51.222.253.15 - - [10/Dec/2022:20:52:37 -0800] "GET /SilicaBricks.html HTTP/1.1" 200 3377 "-" "Mozilla/5.0 (compatible; AhrefsBot/7.0; +http://ahrefs.com/robot/)" "www.skylinecomponents.com"
51.222.253.8 - - [10/Dec/2022:20:52:43 -0800] "GET /SilicaBricks.html HTTP/1.1" 200 3377 "-" "Mozilla/5.0 (compatible; AhrefsBot/7.0; +http://ahrefs.com/robot/)" "www.skylinecomponents.com"
51.222.253.18 - - [10/Dec/2022:20:52:49 -0800] "GET /sitebuilder/images/Silica-bricks03-138x127.jpg HTTP/1.1" 200 4520 "-" "Mozilla/5.0 (compatible; AhrefsBot/7.0; +http://ahrefs.com/robot/)" "www.skylinecomponents.com"
51.222.253.11 - - [10/Dec/2022:20:52:54 -0800] "GET /sitebuilder/images/Silica-bricks01-140x157.jpg HTTP/1.1" 200 2647 "-" "Mozilla/5.0 (compatible; AhrefsBot/7.0; +http://ahrefs.com/robot/)" "www.skylinecomponents.com"
34.138.228.176 - - [10/Dec/2022:20:58:31 -0800] "GET /In-Stock_Borosilicate_Ground_Joints.html HTTP/1.1" 200 6319 "-" "ZoominfoBot (zoominfobot at zoominfo dot com)" "www.skylinecomponents.com"
34.138.228.176 - - [10/Dec/2022:21:02:14 -0800] "GET /In-Stock_Borosilicate.html HTTP/1.1" 200 10940 "-" "ZoominfoBot (zoominfobot at zoominfo dot com)" "skylinecomponents.com"
34.138.228.176 - - [10/Dec/2022:21:05:37 -0800] "GET /In-Stock_FusedQuartzrod.html HTTP/1.1" 200 4614 "-" "ZoominfoBot (zoominfobot at zoominfo dot com)" "skylinecomponents.com"
20.241.233.77 - - [10/Dec/2022:21:15:13 -0800] "GET /robots.txt HTTP/1.1" 200 62 "-" "python-requests/2.27.1" "skylinecomponents.com"
20.241.233.77 - - [10/Dec/2022:21:15:34 -0800] "GET /in-stock_fusedquartzrod.html HTTP/1.1" 404 88 "-" "Mozilla/5.0 (Windows NT 10.0; Win64; x64) AppleWebKit/537.36 (KHTML, like Gecko) Chrome/76.0.3809.100 Safari/537.36" "skylinecomponents.com"
88.198.65.172 - - [10/Dec/2022:21:23:01 -0800] "GET / HTTP/1.1" 200 5671 "-" "Mozilla/5.0 (Windows NT 10.0; Win64; x64) AppleWebKit/537.36 (KHTML, like Gecko)' Chrome/59.0.3071.115 Safari/537.36" "skylinecomponents.com"
88.198.65.172 - - [10/Dec/2022:21:23:03 -0800] "GET /Customized.html HTTP/1.1" 200 4029 "-" "Mozilla/5.0 (Windows NT 10.0; Win64; x64) AppleWebKit/537.36 (KHTML, like Gecko)' Chrome/59.0.3071.115 Safari/537.36" "skylinecomponents.com"
88.198.65.172 - - [10/Dec/2022:21:23:03 -0800] "GET /In-Stock_ClearFusedQuartz.html HTTP/1.1" 200 6836 "-" "Mozilla/5.0 (Windows NT 10.0; Win64; x64) AppleWebKit/537.36 (KHTML, like Gecko)' Chrome/59.0.3071.115 Safari/537.36" "skylinecomponents.com"
51.222.253.9 - - [10/Dec/2022:21:26:05 -0800] "GET / HTTP/1.1" 200 5671 "-" "Mozilla/5.0 (compatible; AhrefsBot/7.0; +http://ahrefs.com/robot/)" "www.skylinecomponents.com"
51.222.253.7 - - [10/Dec/2022:21:26:15 -0800] "GET /sitebuilder/images/Blue-Female-Joint-135x117.jpg HTTP/1.1" 200 3021 "-" "Mozilla/5.0 (compatible; AhrefsBot/7.0; +http://ahrefs.com/robot/)" "www.skylinecomponents.com"
51.222.253.19 - - [10/Dec/2022:21:26:21 -0800] "GET /sitebuilder/images/Fused-Quartz-Plates-146x94.jpg HTTP/1.1" 200 4058 "-" "Mozilla/5.0 (compatible; AhrefsBot/7.0; +http://ahrefs.com/robot/)" "www.skylinecomponents.com"
51.222.253.2 - - [10/Dec/2022:21:26:26 -0800] "GET /sitebuilder/images/Fused-Quartz-Glass-Crucible-91x94.jpg HTTP/1.1" 200 2512 "-" "Mozilla/5.0 (compatible; AhrefsBot/7.0; +http://ahrefs.com/robot/)" "www.skylinecomponents.com"
51.222.253.9 - - [10/Dec/2022:21:26:32 -0800] "GET /sitebuilder/images/Fused-Quartz-Glass-Milky-tube-128x100.jpg HTTP/1.1" 200 3014 "-" "Mozilla/5.0 (compatible; AhrefsBot/7.0; +http://ahrefs.com/robot/)" "www.skylinecomponents.com"
51.222.253.5 - - [10/Dec/2022:21:26:37 -0800] "GET /sitebuilder/images/Tucson1-997x160.jpg HTTP/1.1" 200 37152 "-" "Mozilla/5.0 (compatible; AhrefsBot/7.0; +http://ahrefs.com/robot/)" "www.skylinecomponents.com"
51.222.253.2 - - [10/Dec/2022:21:26:43 -0800] "GET /sitebuilder/images/Alumina_Thermocouple_Protective_Tube-146x114.jpg HTTP/1.1" 200 3716 "-" "Mozilla/5.0 (compatible; AhrefsBot/7.0; +http://ahrefs.com/robot/)" "www.skylinecomponents.com"
51.222.253.16 - - [10/Dec/2022:21:26:49 -0800] "GET /clipart/buttons/store/cart.gif HTTP/1.1" 200 305 "-" "Mozilla/5.0 (compatible; AhrefsBot/7.0; +http://ahrefs.com/robot/)" "www.skylinecomponents.com"
51.222.253.5 - - [10/Dec/2022:21:26:49 -0800] "GET /sitebuilder/images/Silicon_Carbide-129x100.jpg HTTP/1.1" 200 2498 "-" "Mozilla/5.0 (compatible; AhrefsBot/7.0; +http://ahrefs.com/robot/)" "www.skylinecomponents.com"
51.222.253.14 - - [10/Dec/2022:21:26:54 -0800] "GET /sitebuilder/images/Borosilicate-Glass-Color-165x121.jpg HTTP/1.1" 200 4112 "-" "Mozilla/5.0 (compatible; AhrefsBot/7.0; +http://ahrefs.com/robot/)" "www.skylinecomponents.com"
51.222.253.12 - - [10/Dec/2022:21:26:54 -0800] "GET /sitebuilder/images/Fused-Quartz-Glsss-Tubing-131x105.jpg HTTP/1.1" 200 3034 "-" "Mozilla/5.0 (compatible; AhrefsBot/7.0; +http://ahrefs.com/robot/)" "www.skylinecomponents.com"
51.222.253.6 - - [10/Dec/2022:21:26:59 -0800] "GET /sitebuilder/images/Glass-Rods-120x117.jpg HTTP/1.1" 200 3157 "-" "Mozilla/5.0 (compatible; AhrefsBot/7.0; +http://ahrefs.com/robot/)" "www.skylinecomponents.com"
51.222.253.19 - - [10/Dec/2022:21:27:04 -0800] "GET /sitebuilder/images/navbar-0-active-48069.png HTTP/1.1" 200 2178 "-" "Mozilla/5.0 (compatible; AhrefsBot/7.0; +http://ahrefs.com/robot/)" "www.skylinecomponents.com"
51.222.253.1 - - [10/Dec/2022:21:27:10 -0800] "GET /sitebuilder/images/Column-Pinnacle-Rocks-479x332.jpg HTTP/1.1" 200 32922 "-" "Mozilla/5.0 (compatible; AhrefsBot/7.0; +http://ahrefs.com/robot/)" "www.skylinecomponents.com"
51.222.253.11 - - [10/Dec/2022:21:27:15 -0800] "GET /sitebuilder/images/Insulating_Firebrick_IFB26-91x104.jpg HTTP/1.1" 200 2335 "-" "Mozilla/5.0 (compatible; AhrefsBot/7.0; +http://ahrefs.com/robot/)" "www.skylinecomponents.com"
51.222.253.18 - - [10/Dec/2022:21:27:20 -0800] "GET /sitebuilder/images/Thermocouple_Tube2-111x111.jpg HTTP/1.1" 200 2844 "-" "Mozilla/5.0 (compatible; AhrefsBot/7.0; +http://ahrefs.com/robot/)" "www.skylinecomponents.com"
51.222.253.7 - - [10/Dec/2022:21:27:26 -0800] "GET /sitebuilder/images/Alumina_Crucible-129x105.jpg HTTP/1.1" 200 2911 "-" "Mozilla/5.0 (compatible; AhrefsBot/7.0; +http://ahrefs.com/robot/)" "www.skylinecomponents.com"
51.222.253.10 - - [10/Dec/2022:21:27:31 -0800] "GET /sitebuilder/images/Fused-quartz-Ground-Joints-122x88.jpg HTTP/1.1" 200 3267 "-" "Mozilla/5.0 (compatible; AhrefsBot/7.0; +http://ahrefs.com/robot/)" "www.skylinecomponents.com"
51.222.253.14 - - [10/Dec/2022:21:27:36 -0800] "GET /sitebuilder/images/Ceramic_Fiber_Rope-91x105.jpg HTTP/1.1" 200 2917 "-" "Mozilla/5.0 (compatible; AhrefsBot/7.0; +http://ahrefs.com/robot/)" "www.skylinecomponents.com"
51.222.253.7 - - [10/Dec/2022:21:27:41 -0800] "GET /sitebuilder/images/ReSiC-Crucible-73x103.jpg HTTP/1.1" 200 2141 "-" "Mozilla/5.0 (compatible; AhrefsBot/7.0; +http://ahrefs.com/robot/)" "www.skylinecomponents.com"
51.222.253.19 - - [10/Dec/2022:21:27:46 -0800] "GET /sitebuilder/images/Ceramic-Fiber-Tape-02-130x103.jpg HTTP/1.1" 200 3603 "-" "Mozilla/5.0 (compatible; AhrefsBot/7.0; +http://ahrefs.com/robot/)" "www.skylinecomponents.com"
51.222.253.7 - - [10/Dec/2022:21:27:51 -0800] "GET /sitebuilder/images/Fiberglass_Tape-123x100.jpg HTTP/1.1" 200 2956 "-" "Mozilla/5.0 (compatible; AhrefsBot/7.0; +http://ahrefs.com/robot/)" "www.skylinecomponents.com"
51.222.253.6 - - [10/Dec/2022:21:27:56 -0800] "GET /sitebuilder/images/Fused-Quartz-Glass-Red-tubing-119x101.jpg HTTP/1.1" 200 2567 "-" "Mozilla/5.0 (compatible; AhrefsBot/7.0; +http://ahrefs.com/robot/)" "www.skylinecomponents.com"
51.222.253.19 - - [10/Dec/2022:21:28:01 -0800] "GET /sitebuilder/images/Lightweight-insulating-Castable-98x102.jpg HTTP/1.1" 200 3089 "-" "Mozilla/5.0 (compatible; AhrefsBot/7.0; +http://ahrefs.com/robot/)" "www.skylinecomponents.com"
51.222.253.7 - - [10/Dec/2022:21:28:02 -0800] "GET /sitebuilder/images/Fused-Quartz-Glass-Rod-129x102.jpg HTTP/1.1" 200 3956 "-" "Mozilla/5.0 (compatible; AhrefsBot/7.0; +http://ahrefs.com/robot/)" "www.skylinecomponents.com"
51.222.253.16 - - [10/Dec/2022:21:28:07 -0800] "GET /sitebuilder/images/Thermocouple-Protective-Tube2-135x101.jpg HTTP/1.1" 200 2625 "-" "Mozilla/5.0 (compatible; AhrefsBot/7.0; +http://ahrefs.com/robot/)" "www.skylinecomponents.com"
51.222.253.19 - - [10/Dec/2022:21:28:12 -0800] "GET /sitebuilder/images/Ceramic-Fiber-Board-131x108.jpg HTTP/1.1" 200 1867 "-" "Mozilla/5.0 (compatible; AhrefsBot/7.0; +http://ahrefs.com/robot/)" "www.skylinecomponents.com"
51.222.253.1 - - [10/Dec/2022:21:28:17 -0800] "GET /sitebuilder/images/Ceramic-Fiber-Paper-123x107.jpg HTTP/1.1" 200 2925 "-" "Mozilla/5.0 (compatible; AhrefsBot/7.0; +http://ahrefs.com/robot/)" "www.skylinecomponents.com"
51.222.253.9 - - [10/Dec/2022:21:28:22 -0800] "GET /sitebuilder/images/Fused-Quartz-Glass-Discs-133x95.jpg HTTP/1.1" 200 3334 "-" "Mozilla/5.0 (compatible; AhrefsBot/7.0; +http://ahrefs.com/robot/)" "www.skylinecomponents.com"
51.222.253.13 - - [10/Dec/2022:21:28:28 -0800] "GET /sitebuilder/images/Borosilicate-Glass-Disc-Plate-127x116.jpg HTTP/1.1" 200 3871 "-" "Mozilla/5.0 (compatible; AhrefsBot/7.0; +http://ahrefs.com/robot/)" "www.skylinecomponents.com"
51.222.253.16 - - [10/Dec/2022:21:28:33 -0800] "GET /sitebuilder/images/Ceramic_Fiber_Rigidizer-102x102.jpg HTTP/1.1" 200 2345 "-" "Mozilla/5.0 (compatible; AhrefsBot/7.0; +http://ahrefs.com/robot/)" "www.skylinecomponents.com"
51.222.253.10 - - [10/Dec/2022:21:28:38 -0800] "GET / HTTP/1.1" 200 5671 "-" "Mozilla/5.0 (compatible; AhrefsBot/7.0; +http://ahrefs.com/robot/)" "www.skylinecomponents.com"
51.222.253.2 - - [10/Dec/2022:21:28:44 -0800] "GET /sitebuilder/images/Ceramic-Fiber-Blanket-130x107.jpg HTTP/1.1" 200 3091 "-" "Mozilla/5.0 (compatible; AhrefsBot/7.0; +http://ahrefs.com/robot/)" "www.skylinecomponents.com"
51.222.253.11 - - [10/Dec/2022:21:28:49 -0800] "GET /sitebuilder/images/Ceramic-Adhesive-129x103.jpg HTTP/1.1" 200 3974 "-" "Mozilla/5.0 (compatible; AhrefsBot/7.0; +http://ahrefs.com/robot/)" "www.skylinecomponents.com"
51.222.253.14 - - [10/Dec/2022:21:28:54 -0800] "GET /sitebuilder/images/Big-Balanced-Rock-508x334.jpg HTTP/1.1" 200 41605 "-" "Mozilla/5.0 (compatible; AhrefsBot/7.0; +http://ahrefs.com/robot/)" "www.skylinecomponents.com"
51.222.253.6 - - [10/Dec/2022:21:29:00 -0800] "GET /sitebuilder/images/Alumina_Tube_2-153x116.jpg HTTP/1.1" 200 3448 "-" "Mozilla/5.0 (compatible; AhrefsBot/7.0; +http://ahrefs.com/robot/)" "www.skylinecomponents.com"
65.108.209.245 - - [10/Dec/2022:21:31:28 -0800] "GET /sitebuilder/images/Module-01-168x286.jpg HTTP/1.1" 200 9103 "-" "Mozilla/5.0 (X11; Fedora; Linux x86_64) AppleWebKit/537.36 (KHTML, like Gecko) Chrome/79.0.3945.117 Safari/537.36" "skylinecomponents.com"
34.138.228.176 - - [10/Dec/2022:21:33:30 -0800] "GET /Customized.html HTTP/1.1" 200 4029 "-" "ZoominfoBot (zoominfobot at zoominfo dot com)" "skylinecomponents.com"
185.191.171.36 - - [10/Dec/2022:21:38:41 -0800] "GET /robots.txt HTTP/1.1" 200 62 "-" "Mozilla/5.0 (compatible; SemrushBot/7~bl; +http://www.semrush.com/bot.html)" "skylinecomponents.com"
185.191.171.14 - - [10/Dec/2022:21:38:41 -0800] "GET /In-Stock_Borosilicate_Rods.html HTTP/1.1" 200 9262 "-" "Mozilla/5.0 (compatible; SemrushBot/7~bl; +http://www.semrush.com/bot.html)" "skylinecomponents.com"
51.222.253.11 - - [10/Dec/2022:21:39:31 -0800] "GET /Tempered_Glass.html HTTP/1.1" 200 4644 "-" "Mozilla/5.0 (compatible; AhrefsBot/7.0; +http://ahrefs.com/robot/)" "skylinecomponents.com"
34.138.228.176 - - [10/Dec/2022:21:49:12 -0800] "GET /In-Stock_Rigidizer.html HTTP/1.1" 200 5376 "-" "ZoominfoBot (zoominfobot at zoominfo dot com)" "www.skylinecomponents.com"
64.124.8.50 - - [10/Dec/2022:21:49:34 -0800] "GET /robots.txt HTTP/1.1" 200 62 "-" "Mozilla/5.0 (X11; Linux x86_64) AppleWebKit/537.36 (KHTML, like Gecko) Chrome/61.0.3163.79 Safari/537.36" "www.skylinecomponents.com"
64.124.8.50 - - [10/Dec/2022:21:49:34 -0800] "GET /In-Stock_Borosilicate.html HTTP/1.1" 200 10940 "-" "Mozilla/5.0 (X11; Linux x86_64) AppleWebKit/537.36 (KHTML, like Gecko) Chrome/61.0.3163.79 Safari/537.36" "www.skylinecomponents.com"
51.222.253.15 - - [10/Dec/2022:21:53:43 -0800] "GET /Plastic_Refractories.html HTTP/1.1" 200 2604 "-" "Mozilla/5.0 (compatible; AhrefsBot/7.0; +http://ahrefs.com/robot/)" "www.skylinecomponents.com"
34.138.228.176 - - [10/Dec/2022:21:55:14 -0800] "GET /In-Stock_Borosilicate_Ground_Joints.html HTTP/1.1" 200 6319 "-" "ZoominfoBot (zoominfobot at zoominfo dot com)" "skylinecomponents.com"
43.130.77.200 - - [10/Dec/2022:21:57:55 -0800] "GET /wp-admin/css/ HTTP/1.1" 404 88 "binance.com" "Mozilla/5.0 (Windows NT 10.0; Win64; x64) AppleWebKit/537.36 (KHTML, like Gecko) Chrome/90.0.4430.85 Safari/537.36" "skylinecomponents.com"
43.130.77.200 - - [10/Dec/2022:21:57:59 -0800] "GET /sites/default/files/ HTTP/1.1" 404 88 "binance.com" "Mozilla/5.0 (Windows NT 10.0; Win64; x64) AppleWebKit/537.36 (KHTML, like Gecko) Chrome/90.0.4430.85 Safari/537.36" "skylinecomponents.com"
43.130.77.200 - - [10/Dec/2022:21:58:04 -0800] "GET /admin/controller/extension/extension/ HTTP/1.1" 404 88 "binance.com" "Mozilla/5.0 (Windows NT 10.0; Win64; x64) AppleWebKit/537.36 (KHTML, like Gecko) Chrome/90.0.4430.85 Safari/537.36" "skylinecomponents.com"
43.130.77.200 - - [10/Dec/2022:21:58:08 -0800] "GET /uploads/ HTTP/1.1" 404 88 "binance.com" "Mozilla/5.0 (Windows NT 10.0; Win64; x64) AppleWebKit/537.36 (KHTML, like Gecko) Chrome/90.0.4430.85 Safari/537.36" "skylinecomponents.com"
43.130.77.200 - - [10/Dec/2022:21:58:10 -0800] "GET /images/ HTTP/1.1" 200 5472 "binance.com" "Mozilla/5.0 (Windows NT 10.0; Win64; x64) AppleWebKit/537.36 (KHTML, like Gecko) Chrome/90.0.4430.85 Safari/537.36" "skylinecomponents.com"
43.130.77.200 - - [10/Dec/2022:21:58:12 -0800] "GET /files/ HTTP/1.1" 404 88 "binance.com" "Mozilla/5.0 (Windows NT 10.0; Win64; x64) AppleWebKit/537.36 (KHTML, like Gecko) Chrome/90.0.4430.85 Safari/537.36" "skylinecomponents.com"
157.55.39.144 - - [10/Dec/2022:22:03:01 -0800] "GET /sitebuilder/images/Fused-Quartz-Glass-Crucible-91x94.jpg HTTP/1.1" 200 2512 "-" "Mozilla/5.0 AppleWebKit/537.36 (KHTML, like Gecko; compatible; bingbot/2.0; +http://www.bing.com/bingbot.htm) Chrome/103.0.5060.134 Safari/537.36" "www.skylinecomponents.com"
51.222.253.6 - - [10/Dec/2022:22:09:10 -0800] "GET /In-Stock_BorosilicateDiscs.html HTTP/1.1" 200 5949 "-" "Mozilla/5.0 (compatible; AhrefsBot/7.0; +http://ahrefs.com/robot/)" "skylinecomponents.com"
64.124.8.45 - - [10/Dec/2022:22:22:45 -0800] "GET /robots.txt HTTP/1.1" 200 62 "-" "Mozilla/5.0 (X11; Linux x86_64) AppleWebKit/537.36 (KHTML, like Gecko) Chrome/61.0.3163.79 Safari/537.36" "www.skylinecomponents.com"
64.124.8.45 - - [10/Dec/2022:22:22:45 -0800] "GET /Heating_MoSi2.html HTTP/1.1" 304 - "-" "Mozilla/5.0 (X11; Linux x86_64) AppleWebKit/537.36 (KHTML, like Gecko) Chrome/61.0.3163.79 Safari/537.36" "www.skylinecomponents.com"
207.46.13.139 - - [10/Dec/2022:22:24:41 -0800] "GET /In-Stock_CeramicFiber.html HTTP/1.1" 200 6980 "-" "Mozilla/5.0 (compatible; bingbot/2.0; +http://www.bing.com/bingbot.htm)" "www.skylinecomponents.com"
51.222.253.8 - - [10/Dec/2022:22:24:58 -0800] "GET /ZirconiaBricks.html HTTP/1.1" 200 3964 "-" "Mozilla/5.0 (compatible; AhrefsBot/7.0; +http://ahrefs.com/robot/)" "www.skylinecomponents.com"
51.222.253.12 - - [10/Dec/2022:22:25:14 -0800] "GET /sitebuilder/images/Zirconia-bricks01-138x76.jpg HTTP/1.1" 200 2307 "-" "Mozilla/5.0 (compatible; AhrefsBot/7.0; +http://ahrefs.com/robot/)" "www.skylinecomponents.com"
51.222.253.13 - - [10/Dec/2022:22:25:19 -0800] "GET /ZirconiaBricks.html HTTP/1.1" 200 3964 "-" "Mozilla/5.0 (compatible; AhrefsBot/7.0; +http://ahrefs.com/robot/)" "www.skylinecomponents.com"
51.222.253.2 - - [10/Dec/2022:22:25:24 -0800] "GET /sitebuilder/images/Zirconia-bricks-141x55.jpg HTTP/1.1" 200 2210 "-" "Mozilla/5.0 (compatible; AhrefsBot/7.0; +http://ahrefs.com/robot/)" "www.skylinecomponents.com"
64.124.8.47 - - [10/Dec/2022:22:26:14 -0800] "GET /robots.txt HTTP/1.1" 200 62 "-" "Mozilla/5.0 (X11; Linux x86_64) AppleWebKit/537.36 (KHTML, like Gecko) Chrome/61.0.3163.79 Safari/537.36" "skylinecomponents.com"
64.124.8.47 - - [10/Dec/2022:22:26:14 -0800] "GET /HighTempAdhesive.html HTTP/1.1" 304 - "-" "Mozilla/5.0 (X11; Linux x86_64) AppleWebKit/537.36 (KHTML, like Gecko) Chrome/61.0.3163.79 Safari/537.36" "skylinecomponents.com"
47.92.152.150 - - [10/Dec/2022:22:28:15 -0800] "HEAD / HTTP/1.1" 200 - "-" "Mozilla/5.0 (linux; u; android 9; zh-cn; v1816a build/pkq1.180819.001) applewebkit/537.36 (khtml, like gecko) version/4.0 chrome/57" "www.skylinecomponents.com"
47.92.152.150 - - [10/Dec/2022:22:28:16 -0800] "GET / HTTP/1.1" 200 5671 "-" "Mozilla/5.0 (linux; u; android 9; zh-cn; v1816a build/pkq1.180819.001) applewebkit/537.36 (khtml, like gecko) version/4.0 chrome/57" "www.skylinecomponents.com"
207.46.13.139 - - [10/Dec/2022:22:30:02 -0800] "GET /Heating_MoSi2.html HTTP/1.1" 200 2668 "-" "Mozilla/5.0 AppleWebKit/537.36 (KHTML, like Gecko; compatible; bingbot/2.0; +http://www.bing.com/bingbot.htm) Chrome/103.0.5060.134 Safari/537.36" "www.skylinecomponents.com"
34.100.229.13 - - [10/Dec/2022:22:33:24 -0800] "POST /ALFA_DATA/alfacgiapi/perl.alfa HTTP/1.1" 404 73 "www.google.com" "Mozlila/5.0 (Linux; Android 7.0; SM-G892A Bulid/NRD90M; wv) AppleWebKit/537.36 (KHTML, like Gecko) Version/4.0 Chrome/60.0.3112.107 Moblie Safari/537.36" "skylinecomponents.com"
34.100.229.13 - - [10/Dec/2022:22:33:24 -0800] "POST /wp-plain.php HTTP/1.1" 404 73 "www.google.com" "Mozilla/5.0 (Linux; Android 7.0; SM-G892A Bulid/NRD90M; wv) AppleWebKit/537.36 (KHTML, like Gecko) Version/4.0 Chrome/60.0.3112.107 Moblie Safari/537.36" "skylinecomponents.com"
34.100.229.13 - - [10/Dec/2022:22:33:24 -0800] "GET / HTTP/1.1" 200 58369 "-" "Mozlila/5.0 (Linux; Android 7.0; SM-G892A Bulid/NRD90M; wv) AppleWebKit/537.36 (KHTML, like Gecko) Version/4.0 Chrome/60.0.3112.107 Moblie Safari/537.36" "skylinecomponents.com"
34.100.229.13 - - [10/Dec/2022:22:33:24 -0800] "POST /alfacgiapi/perl.alfa HTTP/1.1" 404 73 "www.google.com" "Mozlila/5.0 (Linux; Android 7.0; SM-G892A Bulid/NRD90M; wv) AppleWebKit/537.36 (KHTML, like Gecko) Version/4.0 Chrome/60.0.3112.107 Moblie Safari/537.36" "skylinecomponents.com"
34.100.229.13 - - [10/Dec/2022:22:33:24 -0800] "GET /wjjlyszt.php?Fox=d3wL7 HTTP/1.1" 404 73 "www.google.com" "Mozilla/5.0 (Linux; Android 7.0; SM-G892A Bulid/NRD90M; wv) AppleWebKit/537.36 (KHTML, like Gecko) Version/4.0 Chrome/60.0.3112.107 Moblie Safari/537.36" "skylinecomponents.com"
34.100.229.13 - - [10/Dec/2022:22:33:25 -0800] "POST /wp-plain.php HTTP/1.1" 404 73 "www.google.com" "Mozilla/5.0 (Linux; Android 7.0; SM-G892A Bulid/NRD90M; wv) AppleWebKit/537.36 (KHTML, like Gecko) Version/4.0 Chrome/60.0.3112.107 Moblie Safari/537.36" "skylinecomponents.com"
34.100.229.13 - - [10/Dec/2022:22:33:25 -0800] "GET /yajbtwrh.php?Fox=d3wL7 HTTP/1.1" 404 73 "www.google.com" "Mozilla/5.0 (Linux; Android 7.0; SM-G892A Bulid/NRD90M; wv) AppleWebKit/537.36 (KHTML, like Gecko) Version/4.0 Chrome/60.0.3112.107 Moblie Safari/537.36" "skylinecomponents.com"
51.222.253.11 - - [10/Dec/2022:22:41:03 -0800] "GET /CeramicFiberRigidizer.html HTTP/1.1" 200 3847 "-" "Mozilla/5.0 (compatible; AhrefsBot/7.0; +http://ahrefs.com/robot/)" "www.skylinecomponents.com"
95.163.255.123 - - [10/Dec/2022:22:56:33 -0800] "GET /robots.txt HTTP/1.1" 200 48 "-" "Mozilla/5.0 (compatible; Linux x86_64; Mail.RU_Bot/2.0; +https://help.mail.ru/webmaster/indexing/robots)" "www.skylinecomponents.com"
34.138.228.176 - - [10/Dec/2022:23:05:13 -0800] "GET /Products.html HTTP/1.1" 200 4430 "-" "ZoominfoBot (zoominfobot at zoominfo dot com)" "skylinecomponents.com"
34.138.228.176 - - [10/Dec/2022:23:10:54 -0800] "GET /Customized.html HTTP/1.1" 200 4029 "-" "ZoominfoBot (zoominfobot at zoominfo dot com)" "www.skylinecomponents.com"
43.130.66.225 - - [10/Dec/2022:23:11:38 -0800] "GET /wp-admin/css/ HTTP/1.1" 404 88 "binance.com" "Mozilla/5.0 (Windows NT 10.0; Win64; x64) AppleWebKit/537.36 (KHTML, like Gecko) Chrome/90.0.4430.85 Safari/537.36" "skylinecomponents.com"
43.130.66.225 - - [10/Dec/2022:23:11:41 -0800] "GET /sites/default/files/ HTTP/1.1" 404 88 "binance.com" "Mozilla/5.0 (Windows NT 10.0; Win64; x64) AppleWebKit/537.36 (KHTML, like Gecko) Chrome/90.0.4430.85 Safari/537.36" "skylinecomponents.com"
43.130.66.225 - - [10/Dec/2022:23:11:43 -0800] "GET /admin/controller/extension/extension/ HTTP/1.1" 404 88 "binance.com" "Mozilla/5.0 (Windows NT 10.0; Win64; x64) AppleWebKit/537.36 (KHTML, like Gecko) Chrome/90.0.4430.85 Safari/537.36" "skylinecomponents.com"
43.130.66.225 - - [10/Dec/2022:23:11:44 -0800] "GET /uploads/ HTTP/1.1" 404 88 "binance.com" "Mozilla/5.0 (Windows NT 10.0; Win64; x64) AppleWebKit/537.36 (KHTML, like Gecko) Chrome/90.0.4430.85 Safari/537.36" "skylinecomponents.com"
43.130.66.225 - - [10/Dec/2022:23:11:45 -0800] "GET /images/ HTTP/1.1" 200 5472 "binance.com" "Mozilla/5.0 (Windows NT 10.0; Win64; x64) AppleWebKit/537.36 (KHTML, like Gecko) Chrome/90.0.4430.85 Safari/537.36" "skylinecomponents.com"
43.130.66.225 - - [10/Dec/2022:23:11:47 -0800] "GET /files/ HTTP/1.1" 404 88 "binance.com" "Mozilla/5.0 (Windows NT 10.0; Win64; x64) AppleWebKit/537.36 (KHTML, like Gecko) Chrome/90.0.4430.85 Safari/537.36" "skylinecomponents.com"
64.124.8.38 - - [10/Dec/2022:23:13:22 -0800] "GET /robots.txt HTTP/1.1" 200 62 "-" "Mozilla/5.0 (X11; Linux x86_64) AppleWebKit/537.36 (KHTML, like Gecko) Chrome/61.0.3163.79 Safari/537.36" "skylinecomponents.com"
64.124.8.38 - - [10/Dec/2022:23:13:22 -0800] "GET /In-Stock_BorosilicateDiscs.html HTTP/1.1" 200 5949 "-" "Mozilla/5.0 (X11; Linux x86_64) AppleWebKit/537.36 (KHTML, like Gecko) Chrome/61.0.3163.79 Safari/537.36" "skylinecomponents.com"
51.222.253.17 - - [10/Dec/2022:23:13:51 -0800] "GET /Zirconia.html HTTP/1.1" 200 4037 "-" "Mozilla/5.0 (compatible; AhrefsBot/7.0; +http://ahrefs.com/robot/)" "www.skylinecomponents.com"
51.222.253.6 - - [10/Dec/2022:23:14:02 -0800] "GET /Zirconia.html HTTP/1.1" 200 4037 "-" "Mozilla/5.0 (compatible; AhrefsBot/7.0; +http://ahrefs.com/robot/)" "www.skylinecomponents.com"
64.124.8.38 - - [10/Dec/2022:23:14:34 -0800] "GET /In-Stock_FusedQuartzDiscPlate.html HTTP/1.1" 200 5037 "-" "Mozilla/5.0 (X11; Linux x86_64) AppleWebKit/537.36 (KHTML, like Gecko) Chrome/61.0.3163.79 Safari/537.36" "skylinecomponents.com"
34.138.228.176 - - [10/Dec/2022:23:16:07 -0800] "GET /In-Stock_CeramicFiberblanket.html HTTP/1.1" 200 5486 "-" "ZoominfoBot (zoominfobot at zoominfo dot com)" "www.skylinecomponents.com"
34.138.228.176 - - [10/Dec/2022:23:23:23 -0800] "GET /contactus.html HTTP/1.1" 200 2666 "-" "ZoominfoBot (zoominfobot at zoominfo dot com)" "skylinecomponents.com"
157.55.39.143 - - [10/Dec/2022:23:30:12 -0800] "GET /sitebuilder/images/navbar-2-inactive-56590.png HTTP/1.1" 200 3533 "-" "Mozilla/5.0 AppleWebKit/537.36 (KHTML, like Gecko; compatible; bingbot/2.0; +http://www.bing.com/bingbot.htm) Chrome/103.0.5060.134 Safari/537.36" "www.skylinecomponents.com"
34.138.228.176 - - [10/Dec/2022:23:30:21 -0800] "GET /In-Stock_ClearFusedQuartz.html HTTP/1.1" 200 6836 "-" "ZoominfoBot (zoominfobot at zoominfo dot com)" "www.skylinecomponents.com"
51.222.253.15 - - [10/Dec/2022:23:31:25 -0800] "GET /FireClaybricks.html HTTP/1.1" 200 4437 "-" "Mozilla/5.0 (compatible; AhrefsBot/7.0; +http://ahrefs.com/robot/)" "www.skylinecomponents.com"
20.241.233.77 - - [10/Dec/2022:23:36:52 -0800] "GET /robots.txt HTTP/1.1" 200 62 "-" "python-requests/2.27.1" "skylinecomponents.com"
20.241.233.77 - - [10/Dec/2022:23:37:00 -0800] "GET /in-stock_adhesive.html HTTP/1.1" 404 88 "-" "Mozilla/5.0 (Windows NT 10.0; Win64; x64) AppleWebKit/537.36 (KHTML, like Gecko) Chrome/76.0.3809.100 Safari/537.36" "skylinecomponents.com"
95.163.255.0 - - [10/Dec/2022:23:37:18 -0800] "GET /In-Stock_Rigidizer.html HTTP/1.1" 200 5376 "-" "Mozilla/5.0 (compatible; Linux x86_64; Mail.RU_Bot/2.0; +https://help.mail.ru/webmaster/indexing/robots)" "www.skylinecomponents.com"
95.163.255.206 - - [10/Dec/2022:23:37:20 -0800] "GET /In-Stock_ColorFusedQuartz.html HTTP/1.1" 200 4622 "-" "Mozilla/5.0 (compatible; Linux x86_64; Mail.RU_Bot/2.0; +https://help.mail.ru/webmaster/indexing/robots)" "www.skylinecomponents.com"
95.163.255.217 - - [10/Dec/2022:23:37:21 -0800] "GET /Customized.html HTTP/1.1" 200 4029 "-" "Mozilla/5.0 (compatible; Linux x86_64; Mail.RU_Bot/2.0; +https://help.mail.ru/webmaster/indexing/robots)" "www.skylinecomponents.com"
157.55.39.143 - - [10/Dec/2022:23:39:51 -0800] "GET /sitemap.xml HTTP/1.1" 200 355 "-" "Mozilla/5.0 (compatible; bingbot/2.0; +http://www.bing.com/bingbot.htm)" "www.skylinecomponents.com"
64.124.8.38 - - [10/Dec/2022:23:40:52 -0800] "GET /In-Stock_SiC.html HTTP/1.1" 200 7110 "-" "Mozilla/5.0 (X11; Linux x86_64) AppleWebKit/537.36 (KHTML, like Gecko) Chrome/61.0.3163.79 Safari/537.36" "skylinecomponents.com"
185.191.171.45 - - [10/Dec/2022:23:43:25 -0800] "GET /robots.txt HTTP/1.1" 200 62 "-" "Mozilla/5.0 (compatible; SemrushBot/7~bl; +http://www.semrush.com/bot.html)" "www.skylinecomponents.com"
185.191.171.18 - - [10/Dec/2022:23:43:25 -0800] "GET /In-Stock_SiC.html HTTP/1.1" 200 7110 "-" "Mozilla/5.0 (compatible; SemrushBot/7~bl; +http://www.semrush.com/bot.html)" "www.skylinecomponents.com"
34.138.228.176 - - [10/Dec/2022:23:47:00 -0800] "GET /In-Stock_SiC.html HTTP/1.1" 200 7110 "-" "ZoominfoBot (zoominfobot at zoominfo dot com)" "www.skylinecomponents.com"
51.222.253.5 - - [10/Dec/2022:23:48:50 -0800] "GET /InsulatingFirebricks.html HTTP/1.1" 200 4139 "-" "Mozilla/5.0 (compatible; AhrefsBot/7.0; +http://ahrefs.com/robot/)" "www.skylinecomponents.com"
51.222.253.3 - - [10/Dec/2022:23:49:01 -0800] "GET /sitebuilder/images/Insulating_Firebrick_IFB26-138x183.jpg HTTP/1.1" 200 5034 "-" "Mozilla/5.0 (compatible; AhrefsBot/7.0; +http://ahrefs.com/robot/)" "www.skylinecomponents.com"
51.222.253.5 - - [10/Dec/2022:23:49:06 -0800] "GET /sitebuilder/images/Insulating_Firebrick_Surface-185x114.jpg HTTP/1.1" 200 5217 "-" "Mozilla/5.0 (compatible; AhrefsBot/7.0; +http://ahrefs.com/robot/)" "www.skylinecomponents.com"
51.222.253.7 - - [10/Dec/2022:23:49:11 -0800] "GET /InsulatingFirebricks.html HTTP/1.1" 200 4139 "-" "Mozilla/5.0 (compatible; AhrefsBot/7.0; +http://ahrefs.com/robot/)" "www.skylinecomponents.com"
