207.32.158.254 - - [02/Jan/2023:23:26:02 -0800] "GET /sitebuilder/images/Ceramic-Fiber-Blanket-130x107.jpg HTTP/1.1" 200 3091 "http://www.skylinecomponents.com/" "Mozilla/5.0 (X11; Linux x86_64) AppleWebKit/537.36 (KHTML like Gecko) Chrome/100.0.4896.127 Safari/537.36" "www.skylinecomponents.com"
207.32.158.254 - - [02/Jan/2023:23:26:02 -0800] "GET /sitebuilder/images/Ceramic-Fiber-Paper-123x107.jpg HTTP/1.1" 200 2925 "http://www.skylinecomponents.com/" "Mozilla/5.0 (X11; Linux x86_64) AppleWebKit/537.36 (KHTML like Gecko) Chrome/100.0.4896.127 Safari/537.36" "www.skylinecomponents.com"
207.32.158.254 - - [02/Jan/2023:23:26:02 -0800] "GET /sitebuilder/images/Ceramic_Fiber_Rigidizer-102x102.jpg HTTP/1.1" 200 2345 "http://www.skylinecomponents.com/" "Mozilla/5.0 (X11; Linux x86_64) AppleWebKit/537.36 (KHTML like Gecko) Chrome/100.0.4896.127 Safari/537.36" "www.skylinecomponents.com"
207.32.158.254 - - [02/Jan/2023:23:26:03 -0800] "GET /sitebuilder/images/Ceramic-Fiber-Tape-02-130x103.jpg HTTP/1.1" 200 3603 "http://www.skylinecomponents.com/" "Mozilla/5.0 (X11; Linux x86_64) AppleWebKit/537.36 (KHTML like Gecko) Chrome/100.0.4896.127 Safari/537.36" "www.skylinecomponents.com"
207.32.158.254 - - [02/Jan/2023:23:26:03 -0800] "GET /sitebuilder/images/Ceramic-Adhesive-129x103.jpg HTTP/1.1" 200 3974 "http://www.skylinecomponents.com/" "Mozilla/5.0 (X11; Linux x86_64) AppleWebKit/537.36 (KHTML like Gecko) Chrome/100.0.4896.127 Safari/537.36" "www.skylinecomponents.com"
207.32.158.254 - - [02/Jan/2023:23:26:03 -0800] "GET /sitebuilder/images/Silicon_Carbide-129x100.jpg HTTP/1.1" 200 2498 "http://www.skylinecomponents.com/" "Mozilla/5.0 (X11; Linux x86_64) AppleWebKit/537.36 (KHTML like Gecko) Chrome/100.0.4896.127 Safari/537.36" "www.skylinecomponents.com"
207.32.158.254 - - [02/Jan/2023:23:26:03 -0800] "GET /sitebuilder/images/Fused-Quartz-Glass-Red-tubing-119x101.jpg HTTP/1.1" 200 2567 "http://www.skylinecomponents.com/" "Mozilla/5.0 (X11; Linux x86_64) AppleWebKit/537.36 (KHTML like Gecko) Chrome/100.0.4896.127 Safari/537.36" "www.skylinecomponents.com"
207.32.158.254 - - [02/Jan/2023:23:26:03 -0800] "GET /sitebuilder/images/Fused-Quartz-Glsss-Tubing-131x105.jpg HTTP/1.1" 200 3034 "http://www.skylinecomponents.com/" "Mozilla/5.0 (X11; Linux x86_64) AppleWebKit/537.36 (KHTML like Gecko) Chrome/100.0.4896.127 Safari/537.36" "www.skylinecomponents.com"
207.32.158.254 - - [02/Jan/2023:23:26:03 -0800] "GET /sitebuilder/images/Fused-Quartz-Glass-Rod-129x102.jpg HTTP/1.1" 200 3956 "http://www.skylinecomponents.com/" "Mozilla/5.0 (X11; Linux x86_64) AppleWebKit/537.36 (KHTML like Gecko) Chrome/100.0.4896.127 Safari/537.36" "www.skylinecomponents.com"
207.32.158.254 - - [02/Jan/2023:23:26:03 -0800] "GET /sitebuilder/images/Fused-Quartz-Glass-Discs-133x95.jpg HTTP/1.1" 200 3334 "http://www.skylinecomponents.com/" "Mozilla/5.0 (X11; Linux x86_64) AppleWebKit/537.36 (KHTML like Gecko) Chrome/100.0.4896.127 Safari/537.36" "www.skylinecomponents.com"
207.32.158.254 - - [02/Jan/2023:23:26:03 -0800] "GET /sitebuilder/images/Borosilicate-Glass-Disc-Plate-127x116.jpg HTTP/1.1" 200 3871 "http://www.skylinecomponents.com/" "Mozilla/5.0 (X11; Linux x86_64) AppleWebKit/537.36 (KHTML like Gecko) Chrome/100.0.4896.127 Safari/537.36" "www.skylinecomponents.com"
207.32.158.254 - - [02/Jan/2023:23:26:03 -0800] "GET /sitebuilder/images/Fused-Quartz-Plates-146x94.jpg HTTP/1.1" 200 4058 "http://www.skylinecomponents.com/" "Mozilla/5.0 (X11; Linux x86_64) AppleWebKit/537.36 (KHTML like Gecko) Chrome/100.0.4896.127 Safari/537.36" "www.skylinecomponents.com"
207.32.158.254 - - [02/Jan/2023:23:26:03 -0800] "GET /sitebuilder/images/Fused-Quartz-Glass-Milky-tube-128x100.jpg HTTP/1.1" 200 3014 "http://www.skylinecomponents.com/" "Mozilla/5.0 (X11; Linux x86_64) AppleWebKit/537.36 (KHTML like Gecko) Chrome/100.0.4896.127 Safari/537.36" "www.skylinecomponents.com"
207.32.158.254 - - [02/Jan/2023:23:26:03 -0800] "GET /sitebuilder/images/Thermocouple-Protective-Tube2-135x101.jpg HTTP/1.1" 200 2625 "http://www.skylinecomponents.com/" "Mozilla/5.0 (X11; Linux x86_64) AppleWebKit/537.36 (KHTML like Gecko) Chrome/100.0.4896.127 Safari/537.36" "www.skylinecomponents.com"
207.32.158.254 - - [02/Jan/2023:23:26:03 -0800] "GET /sitebuilder/images/ReSiC-Crucible-73x103.jpg HTTP/1.1" 200 2141 "http://www.skylinecomponents.com/" "Mozilla/5.0 (X11; Linux x86_64) AppleWebKit/537.36 (KHTML like Gecko) Chrome/100.0.4896.127 Safari/537.36" "www.skylinecomponents.com"
207.32.158.254 - - [02/Jan/2023:23:26:03 -0800] "GET /sitebuilder/images/Lightweight-insulating-Castable-98x102.jpg HTTP/1.1" 200 3089 "http://www.skylinecomponents.com/" "Mozilla/5.0 (X11; Linux x86_64) AppleWebKit/537.36 (KHTML like Gecko) Chrome/100.0.4896.127 Safari/537.36" "www.skylinecomponents.com"
207.32.158.254 - - [02/Jan/2023:23:26:03 -0800] "GET /sitebuilder/images/Alumina_Tube_2-153x116.jpg HTTP/1.1" 200 3448 "http://www.skylinecomponents.com/" "Mozilla/5.0 (X11; Linux x86_64) AppleWebKit/537.36 (KHTML like Gecko) Chrome/100.0.4896.127 Safari/537.36" "www.skylinecomponents.com"
207.32.158.254 - - [02/Jan/2023:23:26:03 -0800] "GET /sitebuilder/images/Alumina_Thermocouple_Protective_Tube-146x114.jpg HTTP/1.1" 200 3716 "http://www.skylinecomponents.com/" "Mozilla/5.0 (X11; Linux x86_64) AppleWebKit/537.36 (KHTML like Gecko) Chrome/100.0.4896.127 Safari/537.36" "www.skylinecomponents.com"
207.32.158.254 - - [02/Jan/2023:23:26:03 -0800] "GET /sitebuilder/images/Borosilicate-Glass-Color-165x121.jpg HTTP/1.1" 200 4112 "http://www.skylinecomponents.com/" "Mozilla/5.0 (X11; Linux x86_64) AppleWebKit/537.36 (KHTML like Gecko) Chrome/100.0.4896.127 Safari/537.36" "www.skylinecomponents.com"
207.32.158.254 - - [02/Jan/2023:23:26:03 -0800] "GET /sitebuilder/images/Thermocouple_Tube2-111x111.jpg HTTP/1.1" 200 2844 "http://www.skylinecomponents.com/" "Mozilla/5.0 (X11; Linux x86_64) AppleWebKit/537.36 (KHTML like Gecko) Chrome/100.0.4896.127 Safari/537.36" "www.skylinecomponents.com"
207.32.158.254 - - [02/Jan/2023:23:26:03 -0800] "GET /sitebuilder/images/Alumina_Crucible-129x105.jpg HTTP/1.1" 200 2911 "http://www.skylinecomponents.com/" "Mozilla/5.0 (X11; Linux x86_64) AppleWebKit/537.36 (KHTML like Gecko) Chrome/100.0.4896.127 Safari/537.36" "www.skylinecomponents.com"
207.32.158.254 - - [02/Jan/2023:23:26:03 -0800] "GET /sitebuilder/images/Fused-Quartz-Glass-Crucible-91x94.jpg HTTP/1.1" 200 2512 "http://www.skylinecomponents.com/" "Mozilla/5.0 (X11; Linux x86_64) AppleWebKit/537.36 (KHTML like Gecko) Chrome/100.0.4896.127 Safari/537.36" "www.skylinecomponents.com"
207.32.158.254 - - [02/Jan/2023:23:26:03 -0800] "GET /sitebuilder/images/Big-Balanced-Rock-508x334.jpg HTTP/1.1" 200 41605 "http://www.skylinecomponents.com/" "Mozilla/5.0 (X11; Linux x86_64) AppleWebKit/537.36 (KHTML like Gecko) Chrome/100.0.4896.127 Safari/537.36" "www.skylinecomponents.com"
207.32.158.254 - - [02/Jan/2023:23:26:03 -0800] "GET /sitebuilder/images/Fused-quartz-Ground-Joints-122x88.jpg HTTP/1.1" 200 3267 "http://www.skylinecomponents.com/" "Mozilla/5.0 (X11; Linux x86_64) AppleWebKit/537.36 (KHTML like Gecko) Chrome/100.0.4896.127 Safari/537.36" "www.skylinecomponents.com"
207.32.158.254 - - [02/Jan/2023:23:26:03 -0800] "GET /sitebuilder/images/Column-Pinnacle-Rocks-479x332.jpg HTTP/1.1" 200 32922 "http://www.skylinecomponents.com/" "Mozilla/5.0 (X11; Linux x86_64) AppleWebKit/537.36 (KHTML like Gecko) Chrome/100.0.4896.127 Safari/537.36" "www.skylinecomponents.com"
207.32.158.254 - - [02/Jan/2023:23:26:03 -0800] "GET /sitebuilder/images/Glass-Rods-120x117.jpg HTTP/1.1" 200 3157 "http://www.skylinecomponents.com/" "Mozilla/5.0 (X11; Linux x86_64) AppleWebKit/537.36 (KHTML like Gecko) Chrome/100.0.4896.127 Safari/537.36" "www.skylinecomponents.com"
207.32.158.254 - - [02/Jan/2023:23:26:03 -0800] "GET /sitebuilder/images/Blue-Female-Joint-135x117.jpg HTTP/1.1" 200 3021 "http://www.skylinecomponents.com/" "Mozilla/5.0 (X11; Linux x86_64) AppleWebKit/537.36 (KHTML like Gecko) Chrome/100.0.4896.127 Safari/537.36" "www.skylinecomponents.com"
207.32.158.254 - - [02/Jan/2023:23:26:03 -0800] "GET /sitebuilder/images/Ceramic_Fiber_Rope-91x105.jpg HTTP/1.1" 200 2917 "http://www.skylinecomponents.com/" "Mozilla/5.0 (X11; Linux x86_64) AppleWebKit/537.36 (KHTML like Gecko) Chrome/100.0.4896.127 Safari/537.36" "www.skylinecomponents.com"
174.88.179.86 - - [02/Jan/2023:23:26:05 -0800] "GET /sitebuilder/images/navbar-0-mouseOver-48163.png HTTP/1.1" 200 2257 "http://www.skylinecomponents.com/In-Stock_Rigidizer.html" "Mozilla/5.0 (Windows NT 10.0; Win64; x64) AppleWebKit/537.36 (KHTML, like Gecko) Chrome/108.0.0.0 Safari/537.36" "www.skylinecomponents.com"
209.99.148.7 - - [02/Jan/2023:23:26:06 -0800] "GET /Customized.html HTTP/1.1" 200 4029 "-" "Mozilla/5.0 (Macintosh; Intel Mac OS X 10_15_7) AppleWebKit/537.36 (KHTML like Gecko) Chrome/99.0.4844.84 Safari/537.36" "www.skylinecomponents.com"
209.99.148.7 - - [02/Jan/2023:23:26:06 -0800] "GET /sitebuilder/images/Ceramic-Fiber-Paper-Gasket-176x127.jpg HTTP/1.1" 200 4148 "http://www.skylinecomponents.com/Customized.html" "Mozilla/5.0 (Macintosh; Intel Mac OS X 10_15_7) AppleWebKit/537.36 (KHTML like Gecko) Chrome/99.0.4844.84 Safari/537.36" "www.skylinecomponents.com"
209.99.148.7 - - [02/Jan/2023:23:26:06 -0800] "GET /sitebuilder/images/Tucson1-758x160.jpg HTTP/1.1" 200 28872 "http://www.skylinecomponents.com/Customized.html" "Mozilla/5.0 (Macintosh; Intel Mac OS X 10_15_7) AppleWebKit/537.36 (KHTML like Gecko) Chrome/99.0.4844.84 Safari/537.36" "www.skylinecomponents.com"
209.99.148.7 - - [02/Jan/2023:23:26:07 -0800] "GET /sitebuilder/images/ceramic-fiber-tube-212x126.jpg HTTP/1.1" 200 2985 "http://www.skylinecomponents.com/Customized.html" "Mozilla/5.0 (Macintosh; Intel Mac OS X 10_15_7) AppleWebKit/537.36 (KHTML like Gecko) Chrome/99.0.4844.84 Safari/537.36" "www.skylinecomponents.com"
209.99.148.7 - - [02/Jan/2023:23:26:07 -0800] "GET /sitebuilder/images/navbar-2-inactive-56590.png HTTP/1.1" 200 3533 "http://www.skylinecomponents.com/Customized.html" "Mozilla/5.0 (Macintosh; Intel Mac OS X 10_15_7) AppleWebKit/537.36 (KHTML like Gecko) Chrome/99.0.4844.84 Safari/537.36" "www.skylinecomponents.com"
209.99.148.7 - - [02/Jan/2023:23:26:07 -0800] "GET /sitebuilder/images/navbar-3-inactive-14022.png HTTP/1.1" 200 2831 "http://www.skylinecomponents.com/Customized.html" "Mozilla/5.0 (Macintosh; Intel Mac OS X 10_15_7) AppleWebKit/537.36 (KHTML like Gecko) Chrome/99.0.4844.84 Safari/537.36" "www.skylinecomponents.com"
209.99.148.7 - - [02/Jan/2023:23:26:07 -0800] "GET /sitebuilder/images/navbar-0-inactive-47820.png HTTP/1.1" 200 2272 "http://www.skylinecomponents.com/Customized.html" "Mozilla/5.0 (Macintosh; Intel Mac OS X 10_15_7) AppleWebKit/537.36 (KHTML like Gecko) Chrome/99.0.4844.84 Safari/537.36" "www.skylinecomponents.com"
209.99.148.7 - - [02/Jan/2023:23:26:07 -0800] "GET /sitebuilder/images/navbar-3-inactive-48803.png HTTP/1.1" 200 2587 "http://www.skylinecomponents.com/Customized.html" "Mozilla/5.0 (Macintosh; Intel Mac OS X 10_15_7) AppleWebKit/537.36 (KHTML like Gecko) Chrome/99.0.4844.84 Safari/537.36" "www.skylinecomponents.com"
209.99.148.7 - - [02/Jan/2023:23:26:07 -0800] "GET /sitebuilder/images/Alumina-Ceramics-167x150.jpg HTTP/1.1" 200 3860 "http://www.skylinecomponents.com/Customized.html" "Mozilla/5.0 (Macintosh; Intel Mac OS X 10_15_7) AppleWebKit/537.36 (KHTML like Gecko) Chrome/99.0.4844.84 Safari/537.36" "www.skylinecomponents.com"
209.99.148.7 - - [02/Jan/2023:23:26:07 -0800] "GET /sitebuilder/images/Alumina-Ceramics-02-349x151.jpg HTTP/1.1" 200 7482 "http://www.skylinecomponents.com/Customized.html" "Mozilla/5.0 (Macintosh; Intel Mac OS X 10_15_7) AppleWebKit/537.36 (KHTML like Gecko) Chrome/99.0.4844.84 Safari/537.36" "www.skylinecomponents.com"
209.99.148.7 - - [02/Jan/2023:23:26:07 -0800] "GET /sitebuilder/images/Ceramic-Fiber-Paper-Gasket-01-121x127.jpg HTTP/1.1" 200 2779 "http://www.skylinecomponents.com/Customized.html" "Mozilla/5.0 (Macintosh; Intel Mac OS X 10_15_7) AppleWebKit/537.36 (KHTML like Gecko) Chrome/99.0.4844.84 Safari/537.36" "www.skylinecomponents.com"
209.99.148.7 - - [02/Jan/2023:23:26:07 -0800] "GET /sitebuilder/images/Silicon-Carbide_02-182x117.jpg HTTP/1.1" 200 3612 "http://www.skylinecomponents.com/Customized.html" "Mozilla/5.0 (Macintosh; Intel Mac OS X 10_15_7) AppleWebKit/537.36 (KHTML like Gecko) Chrome/99.0.4844.84 Safari/537.36" "www.skylinecomponents.com"
209.99.148.7 - - [02/Jan/2023:23:26:07 -0800] "GET /sitebuilder/images/Silicon-Carbide-Ring-335x119.jpg HTTP/1.1" 200 6031 "http://www.skylinecomponents.com/Customized.html" "Mozilla/5.0 (Macintosh; Intel Mac OS X 10_15_7) AppleWebKit/537.36 (KHTML like Gecko) Chrome/99.0.4844.84 Safari/537.36" "www.skylinecomponents.com"
64.140.135.82 - - [02/Jan/2023:23:26:07 -0800] "GET /In-Stock_ClearFusedQuartz.html HTTP/1.1" 200 6836 "-" "Mozilla/5.0 (Macintosh; Intel Mac OS X 10_14_6) AppleWebKit/537.36 (KHTML like Gecko) Chrome/100.0.4896.127 Safari/537.36" "www.skylinecomponents.com"
209.99.148.7 - - [02/Jan/2023:23:26:07 -0800] "GET /sitebuilder/images/Silicon-Carbide-Radiant-Tube-203x133.jpg HTTP/1.1" 200 4084 "http://www.skylinecomponents.com/Customized.html" "Mozilla/5.0 (Macintosh; Intel Mac OS X 10_15_7) AppleWebKit/537.36 (KHTML like Gecko) Chrome/99.0.4844.84 Safari/537.36" "www.skylinecomponents.com"
209.99.148.7 - - [02/Jan/2023:23:26:07 -0800] "GET /sitebuilder/images/Silicon-Carbide-02-126x132.jpg HTTP/1.1" 200 2307 "http://www.skylinecomponents.com/Customized.html" "Mozilla/5.0 (Macintosh; Intel Mac OS X 10_15_7) AppleWebKit/537.36 (KHTML like Gecko) Chrome/99.0.4844.84 Safari/537.36" "www.skylinecomponents.com"
209.99.148.7 - - [02/Jan/2023:23:26:08 -0800] "GET /sitebuilder/images/Glass-cutting-320x161.jpg HTTP/1.1" 200 11179 "http://www.skylinecomponents.com/Customized.html" "Mozilla/5.0 (Macintosh; Intel Mac OS X 10_15_7) AppleWebKit/537.36 (KHTML like Gecko) Chrome/99.0.4844.84 Safari/537.36" "www.skylinecomponents.com"
209.99.148.7 - - [02/Jan/2023:23:26:08 -0800] "GET /sitebuilder/images/Fused-Quartz-Glass-ware-03-116x185.jpg HTTP/1.1" 200 5565 "http://www.skylinecomponents.com/Customized.html" "Mozilla/5.0 (Macintosh; Intel Mac OS X 10_15_7) AppleWebKit/537.36 (KHTML like Gecko) Chrome/99.0.4844.84 Safari/537.36" "www.skylinecomponents.com"
209.99.148.7 - - [02/Jan/2023:23:26:08 -0800] "GET /sitebuilder/images/Silicon-Carbide-Rollers-171x131.jpg HTTP/1.1" 200 4298 "http://www.skylinecomponents.com/Customized.html" "Mozilla/5.0 (Macintosh; Intel Mac OS X 10_15_7) AppleWebKit/537.36 (KHTML like Gecko) Chrome/99.0.4844.84 Safari/537.36" "www.skylinecomponents.com"
209.99.148.7 - - [02/Jan/2023:23:26:08 -0800] "GET /sitebuilder/images/Fused-Quartz-Glass-Ware_01-56x185.jpg HTTP/1.1" 200 1909 "http://www.skylinecomponents.com/Customized.html" "Mozilla/5.0 (Macintosh; Intel Mac OS X 10_15_7) AppleWebKit/537.36 (KHTML like Gecko) Chrome/99.0.4844.84 Safari/537.36" "www.skylinecomponents.com"
64.140.135.82 - - [02/Jan/2023:23:26:08 -0800] "GET /sitebuilder/images/Fused-Quartz-Glsss-tube-130x94.jpg HTTP/1.1" 200 3653 "http://www.skylinecomponents.com/In-Stock_ClearFusedQuartz.html" "Mozilla/5.0 (Macintosh; Intel Mac OS X 10_14_6) AppleWebKit/537.36 (KHTML like Gecko) Chrome/100.0.4896.127 Safari/537.36" "www.skylinecomponents.com"
168.151.91.73 - - [02/Jan/2023:23:26:08 -0800] "GET /In-Stock_ColorFusedQuartz.html HTTP/1.1" 200 4622 "-" "Mozilla/5.0 (Windows NT 6.1; Win64; x64) AppleWebKit/537.36 (KHTML like Gecko) Chrome/100.0.4896.127 Safari/537.36" "www.skylinecomponents.com"
64.140.135.82 - - [02/Jan/2023:23:26:08 -0800] "GET /sitebuilder/images/Tucson1-798x160.jpg HTTP/1.1" 200 30186 "http://www.skylinecomponents.com/In-Stock_ClearFusedQuartz.html" "Mozilla/5.0 (Macintosh; Intel Mac OS X 10_14_6) AppleWebKit/537.36 (KHTML like Gecko) Chrome/100.0.4896.127 Safari/537.36" "www.skylinecomponents.com"
64.140.135.82 - - [02/Jan/2023:23:26:08 -0800] "GET /sitebuilder/images/navbar-3-inactive-48803.png HTTP/1.1" 200 2587 "http://www.skylinecomponents.com/In-Stock_ClearFusedQuartz.html" "Mozilla/5.0 (Macintosh; Intel Mac OS X 10_14_6) AppleWebKit/537.36 (KHTML like Gecko) Chrome/100.0.4896.127 Safari/537.36" "www.skylinecomponents.com"
64.140.135.82 - - [02/Jan/2023:23:26:08 -0800] "GET /sitebuilder/images/navbar-0-inactive-47820.png HTTP/1.1" 200 2272 "http://www.skylinecomponents.com/In-Stock_ClearFusedQuartz.html" "Mozilla/5.0 (Macintosh; Intel Mac OS X 10_14_6) AppleWebKit/537.36 (KHTML like Gecko) Chrome/100.0.4896.127 Safari/537.36" "www.skylinecomponents.com"
64.140.135.82 - - [02/Jan/2023:23:26:08 -0800] "GET /sitebuilder/images/navbar-2-inactive-56590.png HTTP/1.1" 200 3533 "http://www.skylinecomponents.com/In-Stock_ClearFusedQuartz.html" "Mozilla/5.0 (Macintosh; Intel Mac OS X 10_14_6) AppleWebKit/537.36 (KHTML like Gecko) Chrome/100.0.4896.127 Safari/537.36" "www.skylinecomponents.com"
64.140.135.82 - - [02/Jan/2023:23:26:08 -0800] "GET /sitebuilder/images/navbar-3-inactive-14022.png HTTP/1.1" 200 2831 "http://www.skylinecomponents.com/In-Stock_ClearFusedQuartz.html" "Mozilla/5.0 (Macintosh; Intel Mac OS X 10_14_6) AppleWebKit/537.36 (KHTML like Gecko) Chrome/100.0.4896.127 Safari/537.36" "www.skylinecomponents.com"
168.151.93.128 - - [02/Jan/2023:23:26:08 -0800] "GET /In-Stock_FusedQuartzrod.html HTTP/1.1" 200 4614 "-" "Mozilla/5.0 (Macintosh; Intel Mac OS X 10_15_7) AppleWebKit/537.36 (KHTML like Gecko) Chrome/99.0.4844.83 Safari/537.36" "www.skylinecomponents.com"
209.99.150.213 - - [02/Jan/2023:23:26:08 -0800] "GET /In-Stock_Borosilicate.html HTTP/1.1" 200 10940 "-" "Mozilla/5.0 (Macintosh; Intel Mac OS X 10_15_7) AppleWebKit/537.36 (KHTML like Gecko) Chrome/99.0.4844.51 Safari/537.36" "www.skylinecomponents.com"
168.151.91.73 - - [02/Jan/2023:23:26:08 -0800] "GET /sitebuilder/images/Fused-Quartz-Glass-Milky-tube-78x101.jpg HTTP/1.1" 200 2366 "http://www.skylinecomponents.com/In-Stock_ColorFusedQuartz.html" "Mozilla/5.0 (Windows NT 6.1; Win64; x64) AppleWebKit/537.36 (KHTML like Gecko) Chrome/100.0.4896.127 Safari/537.36" "www.skylinecomponents.com"
168.151.91.73 - - [02/Jan/2023:23:26:08 -0800] "GET /sitebuilder/images/Fused-Quartz-Glass-Red-tubing-138x97.jpg HTTP/1.1" 200 2833 "http://www.skylinecomponents.com/In-Stock_ColorFusedQuartz.html" "Mozilla/5.0 (Windows NT 6.1; Win64; x64) AppleWebKit/537.36 (KHTML like Gecko) Chrome/100.0.4896.127 Safari/537.36" "www.skylinecomponents.com"
168.151.91.73 - - [02/Jan/2023:23:26:08 -0800] "GET /sitebuilder/images/navbar-2-inactive-56590.png HTTP/1.1" 200 3533 "http://www.skylinecomponents.com/In-Stock_ColorFusedQuartz.html" "Mozilla/5.0 (Windows NT 6.1; Win64; x64) AppleWebKit/537.36 (KHTML like Gecko) Chrome/100.0.4896.127 Safari/537.36" "www.skylinecomponents.com"
168.151.93.128 - - [02/Jan/2023:23:26:08 -0800] "GET /sitebuilder/images/Fused-Quartz-Glass-Rod-138x87.jpg HTTP/1.1" 200 3694 "http://www.skylinecomponents.com/In-Stock_FusedQuartzrod.html" "Mozilla/5.0 (Macintosh; Intel Mac OS X 10_15_7) AppleWebKit/537.36 (KHTML like Gecko) Chrome/99.0.4844.83 Safari/537.36" "www.skylinecomponents.com"
168.151.91.73 - - [02/Jan/2023:23:26:08 -0800] "GET /sitebuilder/images/navbar-3-inactive-14022.png HTTP/1.1" 200 2831 "http://www.skylinecomponents.com/In-Stock_ColorFusedQuartz.html" "Mozilla/5.0 (Windows NT 6.1; Win64; x64) AppleWebKit/537.36 (KHTML like Gecko) Chrome/100.0.4896.127 Safari/537.36" "www.skylinecomponents.com"
209.99.148.7 - - [02/Jan/2023:23:26:08 -0800] "GET /sitebuilder/images/Fused-Quartz-Glassware04-143x186.jpg HTTP/1.1" 200 3504 "http://www.skylinecomponents.com/Customized.html" "Mozilla/5.0 (Macintosh; Intel Mac OS X 10_15_7) AppleWebKit/537.36 (KHTML like Gecko) Chrome/99.0.4844.84 Safari/537.36" "www.skylinecomponents.com"
168.151.91.73 - - [02/Jan/2023:23:26:08 -0800] "GET /sitebuilder/images/Fused-Quartz-Glass-Yellow-Tubing-54x101.jpg HTTP/1.1" 200 1845 "http://www.skylinecomponents.com/In-Stock_ColorFusedQuartz.html" "Mozilla/5.0 (Windows NT 6.1; Win64; x64) AppleWebKit/537.36 (KHTML like Gecko) Chrome/100.0.4896.127 Safari/537.36" "www.skylinecomponents.com"
168.151.91.73 - - [02/Jan/2023:23:26:08 -0800] "GET /sitebuilder/images/Tucson1-758x160.jpg HTTP/1.1" 200 28872 "http://www.skylinecomponents.com/In-Stock_ColorFusedQuartz.html" "Mozilla/5.0 (Windows NT 6.1; Win64; x64) AppleWebKit/537.36 (KHTML like Gecko) Chrome/100.0.4896.127 Safari/537.36" "www.skylinecomponents.com"
209.99.148.7 - - [02/Jan/2023:23:26:08 -0800] "GET /sitebuilder/images/Fused-Quartz-Glassware-02-108x187.jpg HTTP/1.1" 200 3044 "http://www.skylinecomponents.com/Customized.html" "Mozilla/5.0 (Macintosh; Intel Mac OS X 10_15_7) AppleWebKit/537.36 (KHTML like Gecko) Chrome/99.0.4844.84 Safari/537.36" "www.skylinecomponents.com"
168.151.93.128 - - [02/Jan/2023:23:26:08 -0800] "GET /sitebuilder/images/navbar-3-inactive-48803.png HTTP/1.1" 200 2587 "http://www.skylinecomponents.com/In-Stock_FusedQuartzrod.html" "Mozilla/5.0 (Macintosh; Intel Mac OS X 10_15_7) AppleWebKit/537.36 (KHTML like Gecko) Chrome/99.0.4844.83 Safari/537.36" "www.skylinecomponents.com"
168.151.93.128 - - [02/Jan/2023:23:26:08 -0800] "GET /sitebuilder/images/Tucson1-795x160.jpg HTTP/1.1" 200 29966 "http://www.skylinecomponents.com/In-Stock_FusedQuartzrod.html" "Mozilla/5.0 (Macintosh; Intel Mac OS X 10_15_7) AppleWebKit/537.36 (KHTML like Gecko) Chrome/99.0.4844.83 Safari/537.36" "www.skylinecomponents.com"
168.151.93.128 - - [02/Jan/2023:23:26:08 -0800] "GET /sitebuilder/images/navbar-0-inactive-47820.png HTTP/1.1" 200 2272 "http://www.skylinecomponents.com/In-Stock_FusedQuartzrod.html" "Mozilla/5.0 (Macintosh; Intel Mac OS X 10_15_7) AppleWebKit/537.36 (KHTML like Gecko) Chrome/99.0.4844.83 Safari/537.36" "www.skylinecomponents.com"
168.151.93.128 - - [02/Jan/2023:23:26:08 -0800] "GET /sitebuilder/images/navbar-2-inactive-56590.png HTTP/1.1" 200 3533 "http://www.skylinecomponents.com/In-Stock_FusedQuartzrod.html" "Mozilla/5.0 (Macintosh; Intel Mac OS X 10_15_7) AppleWebKit/537.36 (KHTML like Gecko) Chrome/99.0.4844.83 Safari/537.36" "www.skylinecomponents.com"
168.151.93.128 - - [02/Jan/2023:23:26:08 -0800] "GET /sitebuilder/images/navbar-3-inactive-14022.png HTTP/1.1" 200 2831 "http://www.skylinecomponents.com/In-Stock_FusedQuartzrod.html" "Mozilla/5.0 (Macintosh; Intel Mac OS X 10_15_7) AppleWebKit/537.36 (KHTML like Gecko) Chrome/99.0.4844.83 Safari/537.36" "www.skylinecomponents.com"
209.99.148.7 - - [02/Jan/2023:23:26:08 -0800] "GET /sitebuilder/images/SSiC-148x149.jpg HTTP/1.1" 200 3144 "http://www.skylinecomponents.com/Customized.html" "Mozilla/5.0 (Macintosh; Intel Mac OS X 10_15_7) AppleWebKit/537.36 (KHTML like Gecko) Chrome/99.0.4844.84 Safari/537.36" "www.skylinecomponents.com"
209.99.148.7 - - [02/Jan/2023:23:26:08 -0800] "GET /sitebuilder/images/SSiC2-244x154.jpg HTTP/1.1" 200 4896 "http://www.skylinecomponents.com/Customized.html" "Mozilla/5.0 (Macintosh; Intel Mac OS X 10_15_7) AppleWebKit/537.36 (KHTML like Gecko) Chrome/99.0.4844.84 Safari/537.36" "www.skylinecomponents.com"
209.99.148.7 - - [02/Jan/2023:23:26:09 -0800] "GET /sitebuilder/images/Franged-Fused-Quartz-Tube-108x184.jpg HTTP/1.1" 200 3941 "http://www.skylinecomponents.com/Customized.html" "Mozilla/5.0 (Macintosh; Intel Mac OS X 10_15_7) AppleWebKit/537.36 (KHTML like Gecko) Chrome/99.0.4844.84 Safari/537.36" "www.skylinecomponents.com"
209.99.150.213 - - [02/Jan/2023:23:26:09 -0800] "GET /sitebuilder/images/Pink-Tube-155x96.jpg HTTP/1.1" 200 2133 "http://www.skylinecomponents.com/In-Stock_Borosilicate.html" "Mozilla/5.0 (Macintosh; Intel Mac OS X 10_15_7) AppleWebKit/537.36 (KHTML like Gecko) Chrome/99.0.4844.51 Safari/537.36" "www.skylinecomponents.com"
209.99.148.7 - - [02/Jan/2023:23:26:09 -0800] "GET /sitebuilder/images/Borosilicate-Glass-Discs06-187x163.jpg HTTP/1.1" 200 7667 "http://www.skylinecomponents.com/Customized.html" "Mozilla/5.0 (Macintosh; Intel Mac OS X 10_15_7) AppleWebKit/537.36 (KHTML like Gecko) Chrome/99.0.4844.84 Safari/537.36" "www.skylinecomponents.com"
209.99.150.213 - - [02/Jan/2023:23:26:09 -0800] "GET /sitebuilder/images/Clear-Tube-25-152x252.jpg HTTP/1.1" 200 6384 "http://www.skylinecomponents.com/In-Stock_Borosilicate.html" "Mozilla/5.0 (Macintosh; Intel Mac OS X 10_15_7) AppleWebKit/537.36 (KHTML like Gecko) Chrome/99.0.4844.51 Safari/537.36" "www.skylinecomponents.com"
209.99.150.213 - - [02/Jan/2023:23:26:09 -0800] "GET /sitebuilder/images/Tube-Purple-155x116.jpg HTTP/1.1" 200 4425 "http://www.skylinecomponents.com/In-Stock_Borosilicate.html" "Mozilla/5.0 (Macintosh; Intel Mac OS X 10_15_7) AppleWebKit/537.36 (KHTML like Gecko) Chrome/99.0.4844.51 Safari/537.36" "www.skylinecomponents.com"
209.99.150.213 - - [02/Jan/2023:23:26:09 -0800] "GET /sitebuilder/images/Tube-Topaz-147x90.jpg HTTP/1.1" 200 2732 "http://www.skylinecomponents.com/In-Stock_Borosilicate.html" "Mozilla/5.0 (Macintosh; Intel Mac OS X 10_15_7) AppleWebKit/537.36 (KHTML like Gecko) Chrome/99.0.4844.51 Safari/537.36" "www.skylinecomponents.com"
209.99.150.213 - - [02/Jan/2023:23:26:09 -0800] "GET /sitebuilder/images/Tube-Milky-Violet-155x81.jpg HTTP/1.1" 200 2831 "http://www.skylinecomponents.com/In-Stock_Borosilicate.html" "Mozilla/5.0 (Macintosh; Intel Mac OS X 10_15_7) AppleWebKit/537.36 (KHTML like Gecko) Chrome/99.0.4844.51 Safari/537.36" "www.skylinecomponents.com"
209.99.150.213 - - [02/Jan/2023:23:26:09 -0800] "GET /sitebuilder/images/Tube-Milky-Pink-155x76.jpg HTTP/1.1" 200 2792 "http://www.skylinecomponents.com/In-Stock_Borosilicate.html" "Mozilla/5.0 (Macintosh; Intel Mac OS X 10_15_7) AppleWebKit/537.36 (KHTML like Gecko) Chrome/99.0.4844.51 Safari/537.36" "www.skylinecomponents.com"
168.151.93.85 - - [02/Jan/2023:23:26:09 -0800] "GET /In-Stock_CeramicFiberblanket.html HTTP/1.1" 200 5486 "-" "Mozilla/5.0 (X11; Linux x86_64) AppleWebKit/537.36 (KHTML like Gecko) Chrome/100.0.4896.127 Safari/537.36" "www.skylinecomponents.com"
168.151.91.73 - - [02/Jan/2023:23:26:09 -0800] "GET /sitebuilder/images/navbar-0-inactive-47820.png HTTP/1.1" 200 2272 "http://www.skylinecomponents.com/In-Stock_ColorFusedQuartz.html" "Mozilla/5.0 (Windows NT 6.1; Win64; x64) AppleWebKit/537.36 (KHTML like Gecko) Chrome/100.0.4896.127 Safari/537.36" "www.skylinecomponents.com"
168.151.91.73 - - [02/Jan/2023:23:26:09 -0800] "GET /sitebuilder/images/navbar-3-inactive-48803.png HTTP/1.1" 200 2587 "http://www.skylinecomponents.com/In-Stock_ColorFusedQuartz.html" "Mozilla/5.0 (Windows NT 6.1; Win64; x64) AppleWebKit/537.36 (KHTML like Gecko) Chrome/100.0.4896.127 Safari/537.36" "www.skylinecomponents.com"
207.32.152.239 - - [02/Jan/2023:23:26:09 -0800] "GET /In-Stock_Rigidizer.html HTTP/1.1" 200 5376 "-" "Mozilla/5.0 (Macintosh; Intel Mac OS X 10_15_7) AppleWebKit/537.36 (KHTML like Gecko) Chrome/99.0.4844.83 Safari/537.36" "www.skylinecomponents.com"
67.22.61.148 - - [02/Jan/2023:23:26:09 -0800] "GET /In-Stock_CeramicFiber.html HTTP/1.1" 200 6980 "-" "Mozilla/5.0 (X11; Linux x86_64) AppleWebKit/537.36 (KHTML like Gecko) Chrome/100.0.4896.127 Safari/537.36" "www.skylinecomponents.com"
209.99.150.213 - - [02/Jan/2023:23:26:09 -0800] "GET /sitebuilder/images/Tucson1-997x160.jpg HTTP/1.1" 200 37152 "http://www.skylinecomponents.com/In-Stock_Borosilicate.html" "Mozilla/5.0 (Macintosh; Intel Mac OS X 10_15_7) AppleWebKit/537.36 (KHTML like Gecko) Chrome/99.0.4844.51 Safari/537.36" "www.skylinecomponents.com"
209.99.150.213 - - [02/Jan/2023:23:26:09 -0800] "GET /sitebuilder/images/navbar-0-inactive-47820.png HTTP/1.1" 200 2272 "http://www.skylinecomponents.com/In-Stock_Borosilicate.html" "Mozilla/5.0 (Macintosh; Intel Mac OS X 10_15_7) AppleWebKit/537.36 (KHTML like Gecko) Chrome/99.0.4844.51 Safari/537.36" "www.skylinecomponents.com"
209.99.150.213 - - [02/Jan/2023:23:26:09 -0800] "GET /sitebuilder/images/navbar-3-inactive-48803.png HTTP/1.1" 200 2587 "http://www.skylinecomponents.com/In-Stock_Borosilicate.html" "Mozilla/5.0 (Macintosh; Intel Mac OS X 10_15_7) AppleWebKit/537.36 (KHTML like Gecko) Chrome/99.0.4844.51 Safari/537.36" "www.skylinecomponents.com"
209.99.150.213 - - [02/Jan/2023:23:26:09 -0800] "GET /sitebuilder/images/navbar-2-inactive-56590.png HTTP/1.1" 200 3533 "http://www.skylinecomponents.com/In-Stock_Borosilicate.html" "Mozilla/5.0 (Macintosh; Intel Mac OS X 10_15_7) AppleWebKit/537.36 (KHTML like Gecko) Chrome/99.0.4844.51 Safari/537.36" "www.skylinecomponents.com"
209.99.150.213 - - [02/Jan/2023:23:26:09 -0800] "GET /sitebuilder/images/navbar-3-inactive-14022.png HTTP/1.1" 200 2831 "http://www.skylinecomponents.com/In-Stock_Borosilicate.html" "Mozilla/5.0 (Macintosh; Intel Mac OS X 10_15_7) AppleWebKit/537.36 (KHTML like Gecko) Chrome/99.0.4844.51 Safari/537.36" "www.skylinecomponents.com"
209.99.150.213 - - [02/Jan/2023:23:26:10 -0800] "GET /sitebuilder/images/Amber-Tube02-147x124.jpg HTTP/1.1" 200 3004 "http://www.skylinecomponents.com/In-Stock_Borosilicate.html" "Mozilla/5.0 (Macintosh; Intel Mac OS X 10_15_7) AppleWebKit/537.36 (KHTML like Gecko) Chrome/99.0.4844.51 Safari/537.36" "www.skylinecomponents.com"
168.151.93.85 - - [02/Jan/2023:23:26:10 -0800] "GET /sitebuilder/images/Ceramic-Fiber-Blanket-156x151.jpg HTTP/1.1" 200 4154 "http://www.skylinecomponents.com/In-Stock_CeramicFiberblanket.html" "Mozilla/5.0 (X11; Linux x86_64) AppleWebKit/537.36 (KHTML like Gecko) Chrome/100.0.4896.127 Safari/537.36" "www.skylinecomponents.com"
168.151.93.85 - - [02/Jan/2023:23:26:10 -0800] "GET /sitebuilder/images/navbar-3-inactive-14022.png HTTP/1.1" 200 2831 "http://www.skylinecomponents.com/In-Stock_CeramicFiberblanket.html" "Mozilla/5.0 (X11; Linux x86_64) AppleWebKit/537.36 (KHTML like Gecko) Chrome/100.0.4896.127 Safari/537.36" "www.skylinecomponents.com"
168.151.93.85 - - [02/Jan/2023:23:26:10 -0800] "GET /sitebuilder/images/Ceramic-Fiber-Blanket-SC-158x153.jpg HTTP/1.1" 200 4873 "http://www.skylinecomponents.com/In-Stock_CeramicFiberblanket.html" "Mozilla/5.0 (X11; Linux x86_64) AppleWebKit/537.36 (KHTML like Gecko) Chrome/100.0.4896.127 Safari/537.36" "www.skylinecomponents.com"
168.151.93.85 - - [02/Jan/2023:23:26:10 -0800] "GET /sitebuilder/images/navbar-0-inactive-47820.png HTTP/1.1" 200 2272 "http://www.skylinecomponents.com/In-Stock_CeramicFiberblanket.html" "Mozilla/5.0 (X11; Linux x86_64) AppleWebKit/537.36 (KHTML like Gecko) Chrome/100.0.4896.127 Safari/537.36" "www.skylinecomponents.com"
168.151.93.85 - - [02/Jan/2023:23:26:10 -0800] "GET /sitebuilder/images/Tucson1-958x160.jpg HTTP/1.1" 200 35834 "http://www.skylinecomponents.com/In-Stock_CeramicFiberblanket.html" "Mozilla/5.0 (X11; Linux x86_64) AppleWebKit/537.36 (KHTML like Gecko) Chrome/100.0.4896.127 Safari/537.36" "www.skylinecomponents.com"
168.151.93.85 - - [02/Jan/2023:23:26:10 -0800] "GET /sitebuilder/images/navbar-3-inactive-48803.png HTTP/1.1" 200 2587 "http://www.skylinecomponents.com/In-Stock_CeramicFiberblanket.html" "Mozilla/5.0 (X11; Linux x86_64) AppleWebKit/537.36 (KHTML like Gecko) Chrome/100.0.4896.127 Safari/537.36" "www.skylinecomponents.com"
207.32.152.239 - - [02/Jan/2023:23:26:10 -0800] "GET /sitebuilder/images/Tucson1-848x160.jpg HTTP/1.1" 200 31744 "http://www.skylinecomponents.com/In-Stock_Rigidizer.html" "Mozilla/5.0 (Macintosh; Intel Mac OS X 10_15_7) AppleWebKit/537.36 (KHTML like Gecko) Chrome/99.0.4844.83 Safari/537.36" "www.skylinecomponents.com"
207.32.152.239 - - [02/Jan/2023:23:26:10 -0800] "GET /sitebuilder/images/navbar-0-inactive-47820.png HTTP/1.1" 200 2272 "http://www.skylinecomponents.com/In-Stock_Rigidizer.html" "Mozilla/5.0 (Macintosh; Intel Mac OS X 10_15_7) AppleWebKit/537.36 (KHTML like Gecko) Chrome/99.0.4844.83 Safari/537.36" "www.skylinecomponents.com"
207.32.152.239 - - [02/Jan/2023:23:26:10 -0800] "GET /sitebuilder/images/navbar-3-inactive-48803.png HTTP/1.1" 200 2587 "http://www.skylinecomponents.com/In-Stock_Rigidizer.html" "Mozilla/5.0 (Macintosh; Intel Mac OS X 10_15_7) AppleWebKit/537.36 (KHTML like Gecko) Chrome/99.0.4844.83 Safari/537.36" "www.skylinecomponents.com"
207.32.152.239 - - [02/Jan/2023:23:26:10 -0800] "GET /sitebuilder/images/navbar-2-inactive-56590.png HTTP/1.1" 200 3533 "http://www.skylinecomponents.com/In-Stock_Rigidizer.html" "Mozilla/5.0 (Macintosh; Intel Mac OS X 10_15_7) AppleWebKit/537.36 (KHTML like Gecko) Chrome/99.0.4844.83 Safari/537.36" "www.skylinecomponents.com"
207.32.152.239 - - [02/Jan/2023:23:26:10 -0800] "GET /sitebuilder/images/navbar-3-inactive-14022.png HTTP/1.1" 200 2831 "http://www.skylinecomponents.com/In-Stock_Rigidizer.html" "Mozilla/5.0 (Macintosh; Intel Mac OS X 10_15_7) AppleWebKit/537.36 (KHTML like Gecko) Chrome/99.0.4844.83 Safari/537.36" "www.skylinecomponents.com"
207.32.152.239 - - [02/Jan/2023:23:26:10 -0800] "GET /sitebuilder/images/Ceramic-Adhesive-102x132.jpg HTTP/1.1" 200 3999 "http://www.skylinecomponents.com/In-Stock_Rigidizer.html" "Mozilla/5.0 (Macintosh; Intel Mac OS X 10_15_7) AppleWebKit/537.36 (KHTML like Gecko) Chrome/99.0.4844.83 Safari/537.36" "www.skylinecomponents.com"
67.22.61.148 - - [02/Jan/2023:23:26:10 -0800] "GET /sitebuilder/images/Ceramic-Fiber-Board-160x76.jpg HTTP/1.1" 200 1798 "http://www.skylinecomponents.com/In-Stock_CeramicFiber.html" "Mozilla/5.0 (X11; Linux x86_64) AppleWebKit/537.36 (KHTML like Gecko) Chrome/100.0.4896.127 Safari/537.36" "www.skylinecomponents.com"
209.99.150.213 - - [02/Jan/2023:23:26:10 -0800] "GET /sitebuilder/images/Borosilicate-Glass-Tube-Green-147x198.jpg HTTP/1.1" 200 3061 "http://www.skylinecomponents.com/In-Stock_Borosilicate.html" "Mozilla/5.0 (Macintosh; Intel Mac OS X 10_15_7) AppleWebKit/537.36 (KHTML like Gecko) Chrome/99.0.4844.51 Safari/537.36" "www.skylinecomponents.com"
209.99.150.213 - - [02/Jan/2023:23:26:10 -0800] "GET /sitebuilder/images/Mint-Green-Tube-150x110.jpg HTTP/1.1" 200 2497 "http://www.skylinecomponents.com/In-Stock_Borosilicate.html" "Mozilla/5.0 (Macintosh; Intel Mac OS X 10_15_7) AppleWebKit/537.36 (KHTML like Gecko) Chrome/99.0.4844.51 Safari/537.36" "www.skylinecomponents.com"
67.22.61.148 - - [02/Jan/2023:23:26:10 -0800] "GET /sitebuilder/images/Tucson1-948x160.jpg HTTP/1.1" 200 35555 "http://www.skylinecomponents.com/In-Stock_CeramicFiber.html" "Mozilla/5.0 (X11; Linux x86_64) AppleWebKit/537.36 (KHTML like Gecko) Chrome/100.0.4896.127 Safari/537.36" "www.skylinecomponents.com"
67.22.61.148 - - [02/Jan/2023:23:26:10 -0800] "GET /sitebuilder/images/ceramic-fiber-tube-160x90.jpg HTTP/1.1" 200 2083 "http://www.skylinecomponents.com/In-Stock_CeramicFiber.html" "Mozilla/5.0 (X11; Linux x86_64) AppleWebKit/537.36 (KHTML like Gecko) Chrome/100.0.4896.127 Safari/537.36" "www.skylinecomponents.com"
67.22.61.148 - - [02/Jan/2023:23:26:10 -0800] "GET /sitebuilder/images/navbar-3-inactive-14022.png HTTP/1.1" 200 2831 "http://www.skylinecomponents.com/In-Stock_CeramicFiber.html" "Mozilla/5.0 (X11; Linux x86_64) AppleWebKit/537.36 (KHTML like Gecko) Chrome/100.0.4896.127 Safari/537.36" "www.skylinecomponents.com"
209.99.150.213 - - [02/Jan/2023:23:26:11 -0800] "GET /sitebuilder/images/Blue-Borosilicate-Glass-Tube2-147x165.jpg HTTP/1.1" 200 3155 "http://www.skylinecomponents.com/In-Stock_Borosilicate.html" "Mozilla/5.0 (Macintosh; Intel Mac OS X 10_15_7) AppleWebKit/537.36 (KHTML like Gecko) Chrome/99.0.4844.51 Safari/537.36" "www.skylinecomponents.com"
168.151.93.85 - - [02/Jan/2023:23:26:11 -0800] "GET /sitebuilder/images/navbar-2-inactive-56590.png HTTP/1.1" 200 3533 "http://www.skylinecomponents.com/In-Stock_CeramicFiberblanket.html" "Mozilla/5.0 (X11; Linux x86_64) AppleWebKit/537.36 (KHTML like Gecko) Chrome/100.0.4896.127 Safari/537.36" "www.skylinecomponents.com"
67.22.61.148 - - [02/Jan/2023:23:26:11 -0800] "GET /sitebuilder/images/Ceramic-Fiber-Board-01-145x172.jpg HTTP/1.1" 200 4421 "http://www.skylinecomponents.com/In-Stock_CeramicFiber.html" "Mozilla/5.0 (X11; Linux x86_64) AppleWebKit/537.36 (KHTML like Gecko) Chrome/100.0.4896.127 Safari/537.36" "www.skylinecomponents.com"
67.22.61.148 - - [02/Jan/2023:23:26:11 -0800] "GET /sitebuilder/images/navbar-0-inactive-47820.png HTTP/1.1" 200 2272 "http://www.skylinecomponents.com/In-Stock_CeramicFiber.html" "Mozilla/5.0 (X11; Linux x86_64) AppleWebKit/537.36 (KHTML like Gecko) Chrome/100.0.4896.127 Safari/537.36" "www.skylinecomponents.com"
209.99.150.213 - - [02/Jan/2023:23:26:11 -0800] "GET /sitebuilder/images/Blue-Tube-153x106.jpg HTTP/1.1" 200 2571 "http://www.skylinecomponents.com/In-Stock_Borosilicate.html" "Mozilla/5.0 (Macintosh; Intel Mac OS X 10_15_7) AppleWebKit/537.36 (KHTML like Gecko) Chrome/99.0.4844.51 Safari/537.36" "www.skylinecomponents.com"
209.99.150.213 - - [02/Jan/2023:23:26:11 -0800] "GET /sitebuilder/images/Light-Blue-Tubing-155x77.jpg HTTP/1.1" 200 3675 "http://www.skylinecomponents.com/In-Stock_Borosilicate.html" "Mozilla/5.0 (Macintosh; Intel Mac OS X 10_15_7) AppleWebKit/537.36 (KHTML like Gecko) Chrome/99.0.4844.51 Safari/537.36" "www.skylinecomponents.com"
209.99.150.213 - - [02/Jan/2023:23:26:11 -0800] "GET /sitebuilder/images/Teal-Tube-155x80.jpg HTTP/1.1" 200 1893 "http://www.skylinecomponents.com/In-Stock_Borosilicate.html" "Mozilla/5.0 (Macintosh; Intel Mac OS X 10_15_7) AppleWebKit/537.36 (KHTML like Gecko) Chrome/99.0.4844.51 Safari/537.36" "www.skylinecomponents.com"
207.32.152.239 - - [02/Jan/2023:23:26:11 -0800] "GET /sitebuilder/images/Ceramic-Fiber-Rigidizer-01-101x148.jpg HTTP/1.1" 200 3391 "http://www.skylinecomponents.com/In-Stock_Rigidizer.html" "Mozilla/5.0 (Macintosh; Intel Mac OS X 10_15_7) AppleWebKit/537.36 (KHTML like Gecko) Chrome/99.0.4844.83 Safari/537.36" "www.skylinecomponents.com"
207.32.152.239 - - [02/Jan/2023:23:26:11 -0800] "GET /sitebuilder/images/Ceramic_Fiber_Rigidizer-98x93.jpg HTTP/1.1" 200 2203 "http://www.skylinecomponents.com/In-Stock_Rigidizer.html" "Mozilla/5.0 (Macintosh; Intel Mac OS X 10_15_7) AppleWebKit/537.36 (KHTML like Gecko) Chrome/99.0.4844.83 Safari/537.36" "www.skylinecomponents.com"
67.22.61.148 - - [02/Jan/2023:23:26:12 -0800] "GET /sitebuilder/images/navbar-2-inactive-56590.png HTTP/1.1" 200 3533 "http://www.skylinecomponents.com/In-Stock_CeramicFiber.html" "Mozilla/5.0 (X11; Linux x86_64) AppleWebKit/537.36 (KHTML like Gecko) Chrome/100.0.4896.127 Safari/537.36" "www.skylinecomponents.com"
209.99.150.213 - - [02/Jan/2023:23:26:12 -0800] "GET /sitebuilder/images/Black-Tube-150x117.jpg HTTP/1.1" 200 2666 "http://www.skylinecomponents.com/In-Stock_Borosilicate.html" "Mozilla/5.0 (Macintosh; Intel Mac OS X 10_15_7) AppleWebKit/537.36 (KHTML like Gecko) Chrome/99.0.4844.51 Safari/537.36" "www.skylinecomponents.com"
209.99.150.213 - - [02/Jan/2023:23:26:12 -0800] "GET /sitebuilder/images/Borosilicate-Glass-Tube-Yellow-150x122.jpg HTTP/1.1" 200 2822 "http://www.skylinecomponents.com/In-Stock_Borosilicate.html" "Mozilla/5.0 (Macintosh; Intel Mac OS X 10_15_7) AppleWebKit/537.36 (KHTML like Gecko) Chrome/99.0.4844.51 Safari/537.36" "www.skylinecomponents.com"
209.99.150.213 - - [02/Jan/2023:23:26:13 -0800] "GET /sitebuilder/images/Jade-White_tube12-150x107.jpg HTTP/1.1" 200 2416 "http://www.skylinecomponents.com/In-Stock_Borosilicate.html" "Mozilla/5.0 (Macintosh; Intel Mac OS X 10_15_7) AppleWebKit/537.36 (KHTML like Gecko) Chrome/99.0.4844.51 Safari/537.36" "www.skylinecomponents.com"
209.99.150.213 - - [02/Jan/2023:23:26:13 -0800] "GET /sitebuilder/images/Borosilicate-Glass-Tube-White-150x93.jpg HTTP/1.1" 200 1523 "http://www.skylinecomponents.com/In-Stock_Borosilicate.html" "Mozilla/5.0 (Macintosh; Intel Mac OS X 10_15_7) AppleWebKit/537.36 (KHTML like Gecko) Chrome/99.0.4844.51 Safari/537.36" "www.skylinecomponents.com"
67.22.61.148 - - [02/Jan/2023:23:26:14 -0800] "GET /sitebuilder/images/navbar-3-inactive-48803.png HTTP/1.1" 200 2587 "http://www.skylinecomponents.com/In-Stock_CeramicFiber.html" "Mozilla/5.0 (X11; Linux x86_64) AppleWebKit/537.36 (KHTML like Gecko) Chrome/100.0.4896.127 Safari/537.36" "www.skylinecomponents.com"
63.246.128.148 - - [02/Jan/2023:23:26:14 -0800] "GET /In-Stock_CeramicFiberPaper.html HTTP/1.1" 200 5448 "-" "Mozilla/5.0 (Macintosh; Intel Mac OS X 10_15_7) AppleWebKit/537.36 (KHTML like Gecko) Chrome/100.0.4896.127 Safari/537.36" "www.skylinecomponents.com"
63.246.128.148 - - [02/Jan/2023:23:26:15 -0800] "GET /sitebuilder/images/Ceramic-Fiber-Paper-153x175.jpg HTTP/1.1" 200 4736 "http://www.skylinecomponents.com/In-Stock_CeramicFiberPaper.html" "Mozilla/5.0 (Macintosh; Intel Mac OS X 10_15_7) AppleWebKit/537.36 (KHTML like Gecko) Chrome/100.0.4896.127 Safari/537.36" "www.skylinecomponents.com"
63.246.128.148 - - [02/Jan/2023:23:26:16 -0800] "GET /sitebuilder/images/Ceramic-Fiber-Paper-Gasket-155x111.jpg HTTP/1.1" 200 3969 "http://www.skylinecomponents.com/In-Stock_CeramicFiberPaper.html" "Mozilla/5.0 (Macintosh; Intel Mac OS X 10_15_7) AppleWebKit/537.36 (KHTML like Gecko) Chrome/100.0.4896.127 Safari/537.36" "www.skylinecomponents.com"
63.246.128.148 - - [02/Jan/2023:23:26:16 -0800] "GET /sitebuilder/images/navbar-2-inactive-56590.png HTTP/1.1" 200 3533 "http://www.skylinecomponents.com/In-Stock_CeramicFiberPaper.html" "Mozilla/5.0 (Macintosh; Intel Mac OS X 10_15_7) AppleWebKit/537.36 (KHTML like Gecko) Chrome/100.0.4896.127 Safari/537.36" "www.skylinecomponents.com"
63.246.128.148 - - [02/Jan/2023:23:26:16 -0800] "GET /sitebuilder/images/Ceramic-Fiber-Paper-Gasket-01-155x56.jpg HTTP/1.1" 200 2360 "http://www.skylinecomponents.com/In-Stock_CeramicFiberPaper.html" "Mozilla/5.0 (Macintosh; Intel Mac OS X 10_15_7) AppleWebKit/537.36 (KHTML like Gecko) Chrome/100.0.4896.127 Safari/537.36" "www.skylinecomponents.com"
63.246.128.148 - - [02/Jan/2023:23:26:16 -0800] "GET /sitebuilder/images/navbar-3-inactive-14022.png HTTP/1.1" 200 2831 "http://www.skylinecomponents.com/In-Stock_CeramicFiberPaper.html" "Mozilla/5.0 (Macintosh; Intel Mac OS X 10_15_7) AppleWebKit/537.36 (KHTML like Gecko) Chrome/100.0.4896.127 Safari/537.36" "www.skylinecomponents.com"
63.246.128.148 - - [02/Jan/2023:23:26:16 -0800] "GET /sitebuilder/images/navbar-0-inactive-47820.png HTTP/1.1" 200 2272 "http://www.skylinecomponents.com/In-Stock_CeramicFiberPaper.html" "Mozilla/5.0 (Macintosh; Intel Mac OS X 10_15_7) AppleWebKit/537.36 (KHTML like Gecko) Chrome/100.0.4896.127 Safari/537.36" "www.skylinecomponents.com"
63.246.128.148 - - [02/Jan/2023:23:26:17 -0800] "GET /sitebuilder/images/navbar-3-inactive-48803.png HTTP/1.1" 200 2587 "http://www.skylinecomponents.com/In-Stock_CeramicFiberPaper.html" "Mozilla/5.0 (Macintosh; Intel Mac OS X 10_15_7) AppleWebKit/537.36 (KHTML like Gecko) Chrome/100.0.4896.127 Safari/537.36" "www.skylinecomponents.com"
174.88.179.86 - - [02/Jan/2023:23:26:49 -0800] "GET /In-Stock_SiC.html HTTP/1.1" 200 7110 "http://www.skylinecomponents.com/In-Stock_Rigidizer.html" "Mozilla/5.0 (Windows NT 10.0; Win64; x64) AppleWebKit/537.36 (KHTML, like Gecko) Chrome/108.0.0.0 Safari/537.36" "www.skylinecomponents.com"
174.88.179.86 - - [02/Jan/2023:23:26:49 -0800] "GET /sitebuilder/images/Tucson1-898x160.jpg HTTP/1.1" 200 33788 "http://www.skylinecomponents.com/In-Stock_SiC.html" "Mozilla/5.0 (Windows NT 10.0; Win64; x64) AppleWebKit/537.36 (KHTML, like Gecko) Chrome/108.0.0.0 Safari/537.36" "www.skylinecomponents.com"
174.88.179.86 - - [02/Jan/2023:23:26:49 -0800] "GET /images/Crucible_Dimension2.jpg HTTP/1.1" 200 9036 "http://www.skylinecomponents.com/In-Stock_SiC.html" "Mozilla/5.0 (Windows NT 10.0; Win64; x64) AppleWebKit/537.36 (KHTML, like Gecko) Chrome/108.0.0.0 Safari/537.36" "www.skylinecomponents.com"
174.88.179.86 - - [02/Jan/2023:23:26:49 -0800] "GET /images/Thermocouple_tube013.jpg HTTP/1.1" 200 8300 "http://www.skylinecomponents.com/In-Stock_SiC.html" "Mozilla/5.0 (Windows NT 10.0; Win64; x64) AppleWebKit/537.36 (KHTML, like Gecko) Chrome/108.0.0.0 Safari/537.36" "www.skylinecomponents.com"
174.88.179.86 - - [02/Jan/2023:23:26:49 -0800] "GET /sitebuilder/images/NBSiC-Crucibe-81x102.jpg HTTP/1.1" 200 2125 "http://www.skylinecomponents.com/In-Stock_SiC.html" "Mozilla/5.0 (Windows NT 10.0; Win64; x64) AppleWebKit/537.36 (KHTML, like Gecko) Chrome/108.0.0.0 Safari/537.36" "www.skylinecomponents.com"
174.88.179.86 - - [02/Jan/2023:23:26:49 -0800] "GET /sitebuilder/images/Thermocouple-Protective-Tube-128x103.jpg HTTP/1.1" 200 2555 "http://www.skylinecomponents.com/In-Stock_SiC.html" "Mozilla/5.0 (Windows NT 10.0; Win64; x64) AppleWebKit/537.36 (KHTML, like Gecko) Chrome/108.0.0.0 Safari/537.36" "www.skylinecomponents.com"
174.88.179.86 - - [02/Jan/2023:23:26:49 -0800] "GET /images/Thermocouple_tube022.jpg HTTP/1.1" 200 12491 "http://www.skylinecomponents.com/In-Stock_SiC.html" "Mozilla/5.0 (Windows NT 10.0; Win64; x64) AppleWebKit/537.36 (KHTML, like Gecko) Chrome/108.0.0.0 Safari/537.36" "www.skylinecomponents.com"
174.88.179.86 - - [02/Jan/2023:23:26:49 -0800] "GET /sitebuilder/images/ReSiC-Crucible-82x105.jpg HTTP/1.1" 200 2294 "http://www.skylinecomponents.com/In-Stock_SiC.html" "Mozilla/5.0 (Windows NT 10.0; Win64; x64) AppleWebKit/537.36 (KHTML, like Gecko) Chrome/108.0.0.0 Safari/537.36" "www.skylinecomponents.com"
174.88.179.86 - - [02/Jan/2023:23:26:49 -0800] "GET /sitebuilder/images/SiSiC-Crucible-77x102.jpg HTTP/1.1" 200 1409 "http://www.skylinecomponents.com/In-Stock_SiC.html" "Mozilla/5.0 (Windows NT 10.0; Win64; x64) AppleWebKit/537.36 (KHTML, like Gecko) Chrome/108.0.0.0 Safari/537.36" "www.skylinecomponents.com"
174.88.179.86 - - [02/Jan/2023:23:26:49 -0800] "GET /sitebuilder/images/Silicon-Carbide-Cooling_Pipe-139x105.jpg HTTP/1.1" 200 3811 "http://www.skylinecomponents.com/In-Stock_SiC.html" "Mozilla/5.0 (Windows NT 10.0; Win64; x64) AppleWebKit/537.36 (KHTML, like Gecko) Chrome/108.0.0.0 Safari/537.36" "www.skylinecomponents.com"
174.88.179.86 - - [02/Jan/2023:23:26:49 -0800] "GET /sitebuilder/images/Silicon-Carbide-Thermocouple-Protective-Tube-139x115.jpg HTTP/1.1" 200 4194 "http://www.skylinecomponents.com/In-Stock_SiC.html" "Mozilla/5.0 (Windows NT 10.0; Win64; x64) AppleWebKit/537.36 (KHTML, like Gecko) Chrome/108.0.0.0 Safari/537.36" "www.skylinecomponents.com"
174.88.179.86 - - [02/Jan/2023:23:26:49 -0800] "GET /sitebuilder/images/SiC-Crucible-500ml-139x128.jpg HTTP/1.1" 200 2799 "http://www.skylinecomponents.com/In-Stock_SiC.html" "Mozilla/5.0 (Windows NT 10.0; Win64; x64) AppleWebKit/537.36 (KHTML, like Gecko) Chrome/108.0.0.0 Safari/537.36" "www.skylinecomponents.com"
174.88.179.86 - - [02/Jan/2023:23:26:49 -0800] "GET /sitebuilder/images/Silicon-Carbide-Crucible-124x81.jpg HTTP/1.1" 200 2754 "http://www.skylinecomponents.com/In-Stock_SiC.html" "Mozilla/5.0 (Windows NT 10.0; Win64; x64) AppleWebKit/537.36 (KHTML, like Gecko) Chrome/108.0.0.0 Safari/537.36" "www.skylinecomponents.com"
174.88.179.86 - - [02/Jan/2023:23:26:49 -0800] "GET /sitebuilder/images/500ml-SiC-Crucible-242x206.jpg HTTP/1.1" 200 6911 "http://www.skylinecomponents.com/In-Stock_SiC.html" "Mozilla/5.0 (Windows NT 10.0; Win64; x64) AppleWebKit/537.36 (KHTML, like Gecko) Chrome/108.0.0.0 Safari/537.36" "www.skylinecomponents.com"
174.88.179.86 - - [02/Jan/2023:23:26:49 -0800] "GET /sitebuilder/images/125ml-SiC-Crucible-181x163.jpg HTTP/1.1" 200 5378 "http://www.skylinecomponents.com/In-Stock_SiC.html" "Mozilla/5.0 (Windows NT 10.0; Win64; x64) AppleWebKit/537.36 (KHTML, like Gecko) Chrome/108.0.0.0 Safari/537.36" "www.skylinecomponents.com"
174.88.179.86 - - [02/Jan/2023:23:26:59 -0800] "GET /In-Stock_CeramicFiberblanket.html HTTP/1.1" 200 5486 "http://www.skylinecomponents.com/In-Stock_SiC.html" "Mozilla/5.0 (Windows NT 10.0; Win64; x64) AppleWebKit/537.36 (KHTML, like Gecko) Chrome/108.0.0.0 Safari/537.36" "www.skylinecomponents.com"
174.88.179.86 - - [02/Jan/2023:23:26:59 -0800] "GET /sitebuilder/images/Ceramic-Fiber-Blanket-156x151.jpg HTTP/1.1" 200 4154 "http://www.skylinecomponents.com/In-Stock_CeramicFiberblanket.html" "Mozilla/5.0 (Windows NT 10.0; Win64; x64) AppleWebKit/537.36 (KHTML, like Gecko) Chrome/108.0.0.0 Safari/537.36" "www.skylinecomponents.com"
174.88.179.86 - - [02/Jan/2023:23:26:59 -0800] "GET /sitebuilder/images/Ceramic-Fiber-Blanket-SC-158x153.jpg HTTP/1.1" 200 4873 "http://www.skylinecomponents.com/In-Stock_CeramicFiberblanket.html" "Mozilla/5.0 (Windows NT 10.0; Win64; x64) AppleWebKit/537.36 (KHTML, like Gecko) Chrome/108.0.0.0 Safari/537.36" "www.skylinecomponents.com"
174.88.179.86 - - [02/Jan/2023:23:26:59 -0800] "GET /sitebuilder/images/Tucson1-958x160.jpg HTTP/1.1" 200 35834 "http://www.skylinecomponents.com/In-Stock_CeramicFiberblanket.html" "Mozilla/5.0 (Windows NT 10.0; Win64; x64) AppleWebKit/537.36 (KHTML, like Gecko) Chrome/108.0.0.0 Safari/537.36" "www.skylinecomponents.com"
174.88.179.86 - - [02/Jan/2023:23:27:12 -0800] "GET /In-Stock_Rigidizer.html HTTP/1.1" 200 5376 "http://www.skylinecomponents.com/In-Stock_CeramicFiberblanket.html" "Mozilla/5.0 (Windows NT 10.0; Win64; x64) AppleWebKit/537.36 (KHTML, like Gecko) Chrome/108.0.0.0 Safari/537.36" "www.skylinecomponents.com"
174.88.179.86 - - [02/Jan/2023:23:27:16 -0800] "GET /In-Stock_Rigidizer.html HTTP/1.1" 200 5376 "http://www.skylinecomponents.com/In-Stock_Rigidizer.html" "Mozilla/5.0 (Windows NT 10.0; Win64; x64) AppleWebKit/537.36 (KHTML, like Gecko) Chrome/108.0.0.0 Safari/537.36" "www.skylinecomponents.com"
34.139.167.207 - - [02/Jan/2023:23:31:53 -0800] "GET /In-Stock_Borosilicate.html HTTP/1.1" 200 10940 "-" "ZoominfoBot (zoominfobot at zoominfo dot com)" "skylinecomponents.com"
66.160.140.184 - - [02/Jan/2023:23:32:01 -0800] "GET /robots.txt HTTP/1.1" 200 62 "-" "The Knowledge AI" "skylinecomponents.com"
66.160.140.184 - - [02/Jan/2023:23:32:01 -0800] "GET /CeramicFiberStrip.html HTTP/1.1" 200 3278 "-" "The Knowledge AI" "skylinecomponents.com"
34.139.167.207 - - [02/Jan/2023:23:38:03 -0800] "GET /In-Stock_FusedQuartzrod.html HTTP/1.1" 200 4614 "-" "ZoominfoBot (zoominfobot at zoominfo dot com)" "skylinecomponents.com"
219.141.170.90 - - [03/Jan/2023:00:14:24 -0800] "HEAD / HTTP/1.1" 200 - "-" "Mozilla/5.0 (Windows NT 10.0; WOW64; Trident/7.0; rv:11.0) like Gecko" "www.skylinecomponents.com"
